Last updated on 2024-05-02 11:51:27 CEST.
Flavor | Version | Tinstall | Tcheck | Ttotal | Status | Flags |
---|---|---|---|---|---|---|
r-devel-linux-x86_64-debian-clang | 1.1.2 | 189.07 | 88.48 | 277.55 | OK | |
r-devel-linux-x86_64-debian-gcc | 1.1.2 | 140.17 | 66.60 | 206.77 | OK | |
r-devel-linux-x86_64-fedora-clang | 1.1.2 | 405.43 | OK | |||
r-devel-linux-x86_64-fedora-gcc | 1.1.2 | 408.82 | OK | |||
r-devel-windows-x86_64 | 1.1.2 | 139.00 | 130.00 | 269.00 | OK | |
r-patched-linux-x86_64 | 1.1.2 | 181.18 | 82.76 | 263.94 | OK | |
r-release-linux-x86_64 | 1.1.2 | 171.57 | 82.68 | 254.25 | OK | |
r-release-macos-arm64 | 1.1.2 | 81.00 | NOTE | |||
r-release-windows-x86_64 | 1.1.2 | 147.00 | 130.00 | 277.00 | OK | |
r-oldrel-macos-arm64 | 1.1.2 | 97.00 | NOTE | |||
r-oldrel-macos-x86_64 | 1.1.2 | 116.00 | OK | |||
r-oldrel-windows-x86_64 | 1.1.2 | 173.00 | 135.00 | 308.00 | OK |
Version: 1.1.2
Check: installed package size
Result: NOTE
installed size is 5.3Mb
sub-directories of 1Mb or more:
libs 4.8Mb
Flavors: r-release-macos-arm64, r-oldrel-macos-arm64