Last updated on 2024-05-09 17:51:33 CEST.
Flavor | Version | Tinstall | Tcheck | Ttotal | Status | Flags |
---|---|---|---|---|---|---|
r-devel-linux-x86_64-debian-clang | 0.2.1 | 127.85 | 1107.09 | 1234.94 | OK | |
r-devel-linux-x86_64-debian-gcc | 0.2.1 | 89.10 | 768.74 | 857.84 | OK | |
r-devel-linux-x86_64-fedora-clang | 0.2.1 | 1492.78 | OK | |||
r-devel-linux-x86_64-fedora-gcc | 0.2.1 | 1601.47 | OK | |||
r-devel-windows-x86_64 | 0.2.1 | 92.00 | 524.00 | 616.00 | OK | |
r-patched-linux-x86_64 | 0.2.1 | 117.92 | 1038.17 | 1156.09 | OK | |
r-release-linux-x86_64 | 0.2.1 | 115.28 | 1020.54 | 1135.82 | OK | |
r-release-macos-arm64 | 0.2.1 | 275.00 | NOTE | |||
r-release-windows-x86_64 | 0.2.1 | 92.00 | 516.00 | 608.00 | OK | |
r-oldrel-macos-arm64 | 0.2.1 | 502.00 | NOTE | |||
r-oldrel-macos-x86_64 | 0.2.1 | 633.00 | NOTE | |||
r-oldrel-windows-x86_64 | 0.2.1 | 116.00 | 760.00 | 876.00 | OK |
Version: 0.2.1
Check: installed package size
Result: NOTE
installed size is 8.0Mb
sub-directories of 1Mb or more:
data 2.0Mb
libs 4.4Mb
Flavors: r-release-macos-arm64, r-oldrel-macos-arm64, r-oldrel-macos-x86_64