Last updated on 2024-05-10 00:04:00 CEST.
Flavor | Version | Tinstall | Tcheck | Ttotal | Status | Flags |
---|---|---|---|---|---|---|
r-devel-linux-x86_64-debian-clang | 1.3.0 | 22.26 | 56.99 | 79.25 | OK | |
r-devel-linux-x86_64-debian-gcc | 1.3.0 | 18.52 | 44.19 | 62.71 | OK | |
r-devel-linux-x86_64-fedora-clang | 1.3.0 | 105.14 | NOTE | |||
r-devel-linux-x86_64-fedora-gcc | 1.3.0 | 122.30 | NOTE | |||
r-devel-windows-x86_64 | 1.3.0 | 24.00 | 71.00 | 95.00 | OK | |
r-patched-linux-x86_64 | 1.3.0 | 22.62 | 54.63 | 77.25 | OK | |
r-release-linux-x86_64 | 1.3.0 | 22.75 | 54.24 | 76.99 | OK | |
r-release-macos-arm64 | 1.3.0 | 40.00 | NOTE | |||
r-release-windows-x86_64 | 1.3.0 | 24.00 | 72.00 | 96.00 | OK | |
r-oldrel-macos-arm64 | 1.3.0 | 44.00 | NOTE | |||
r-oldrel-macos-x86_64 | 1.3.0 | 65.00 | NOTE | |||
r-oldrel-windows-x86_64 | 1.3.0 | 28.00 | 84.00 | 112.00 | OK |
Version: 1.3.0
Check: installed package size
Result: NOTE
installed size is 5.0Mb
sub-directories of 1Mb or more:
data 4.8Mb
Flavors: r-devel-linux-x86_64-fedora-clang, r-release-macos-arm64, r-oldrel-macos-arm64, r-oldrel-macos-x86_64
Version: 1.3.0
Check: Rd cross-references
Result: NOTE
Undeclared package ‘caret’ in Rd xrefs
Flavor: r-devel-linux-x86_64-fedora-clang
Version: 1.3.0
Check: data for non-ASCII characters
Result: NOTE
Note: found 313 marked UTF-8 strings
Flavors: r-devel-linux-x86_64-fedora-clang, r-devel-linux-x86_64-fedora-gcc