Last updated on 2024-05-04 11:48:29 CEST.
Flavor | Version | Tinstall | Tcheck | Ttotal | Status | Flags |
---|---|---|---|---|---|---|
r-devel-linux-x86_64-debian-clang | 0.2-8 | 5.85 | 140.64 | 146.49 | OK | |
r-devel-linux-x86_64-debian-gcc | 0.2-8 | 3.96 | 95.93 | 99.89 | OK | |
r-devel-linux-x86_64-fedora-clang | 0.2-8 | 173.76 | NOTE | |||
r-devel-linux-x86_64-fedora-gcc | 0.2-8 | 179.56 | NOTE | |||
r-devel-windows-x86_64 | 0.2-8 | 10.00 | 144.00 | 154.00 | OK | |
r-patched-linux-x86_64 | 0.2-8 | 3.83 | 129.24 | 133.07 | OK | |
r-release-linux-x86_64 | 0.2-8 | 3.38 | 130.29 | 133.67 | OK | |
r-release-macos-arm64 | 0.2-8 | 61.00 | OK | |||
r-release-windows-x86_64 | 0.2-8 | 8.00 | 137.00 | 145.00 | OK | |
r-oldrel-macos-arm64 | 0.2-8 | 85.00 | OK | |||
r-oldrel-macos-x86_64 | 0.2-8 | 182.00 | OK | |||
r-oldrel-windows-x86_64 | 0.2-8 | 11.00 | 156.00 | 167.00 | OK |
Version: 0.2-8
Check: data for non-ASCII characters
Result: NOTE
Note: found 121 marked UTF-8 strings
Flavors: r-devel-linux-x86_64-fedora-clang, r-devel-linux-x86_64-fedora-gcc