Last updated on 2024-05-21 17:50:03 CEST.
Flavor | Version | Tinstall | Tcheck | Ttotal | Status | Flags |
---|---|---|---|---|---|---|
r-devel-linux-x86_64-debian-clang | 2.1 | 48.95 | 406.91 | 455.86 | OK | |
r-devel-linux-x86_64-debian-gcc | 2.1 | 31.90 | 282.95 | 314.85 | OK | |
r-devel-linux-x86_64-fedora-clang | 2.1 | 537.61 | NOTE | |||
r-devel-linux-x86_64-fedora-gcc | 2.1 | 501.08 | NOTE | |||
r-devel-windows-x86_64 | 2.1 | 32.00 | 235.00 | 267.00 | OK | |
r-patched-linux-x86_64 | 2.1 | 40.18 | 378.78 | 418.96 | OK | |
r-release-linux-x86_64 | 2.1 | 43.98 | 371.99 | 415.97 | OK | |
r-release-macos-arm64 | 2.1 | 114.00 | OK | |||
r-release-macos-x86_64 | 2.1 | 413.00 | OK | |||
r-release-windows-x86_64 | 2.1 | 34.00 | 235.00 | 269.00 | OK | |
r-oldrel-macos-arm64 | 2.1 | 130.00 | OK | |||
r-oldrel-macos-x86_64 | 2.1 | 304.00 | OK | |||
r-oldrel-windows-x86_64 | 2.1 | 43.00 | 316.00 | 359.00 | OK |
Version: 2.1
Check: data for non-ASCII characters
Result: NOTE
Note: found 3 marked UTF-8 strings
Flavors: r-devel-linux-x86_64-fedora-clang, r-devel-linux-x86_64-fedora-gcc