Last updated on 2024-05-11 05:54:41 CEST.
Flavor | Version | Tinstall | Tcheck | Ttotal | Status | Flags |
---|---|---|---|---|---|---|
r-devel-linux-x86_64-debian-clang | 1.0.0 | 2.92 | 37.49 | 40.41 | OK | |
r-devel-linux-x86_64-debian-gcc | 1.0.0 | 2.58 | 27.83 | 30.41 | OK | |
r-devel-linux-x86_64-fedora-clang | 1.0.0 | 49.42 | NOTE | |||
r-devel-linux-x86_64-fedora-gcc | 1.0.0 | 94.54 | OK | |||
r-devel-windows-x86_64 | 1.0.0 | 4.00 | 48.00 | 52.00 | OK | |
r-patched-linux-x86_64 | 1.0.0 | 3.06 | 34.83 | 37.89 | OK | |
r-release-linux-x86_64 | 1.0.0 | 3.65 | 35.32 | 38.97 | OK | |
r-release-macos-arm64 | 1.0.0 | 19.00 | OK | |||
r-release-windows-x86_64 | 1.0.0 | 4.00 | 48.00 | 52.00 | OK | |
r-oldrel-macos-arm64 | 1.0.0 | 19.00 | OK | |||
r-oldrel-macos-x86_64 | 1.0.0 | 27.00 | OK | |||
r-oldrel-windows-x86_64 | 1.0.0 | 4.00 | 51.00 | 55.00 | OK |
Version: 1.0.0
Check: Rd cross-references
Result: NOTE
Undeclared package ‘speedglm’ in Rd xrefs
Flavor: r-devel-linux-x86_64-fedora-clang