Last updated on 2024-05-13 05:52:38 CEST.
Flavor | Version | Tinstall | Tcheck | Ttotal | Status | Flags |
---|---|---|---|---|---|---|
r-devel-linux-x86_64-debian-clang | 0.3.2 | 8.26 | 62.93 | 71.19 | OK | |
r-devel-linux-x86_64-debian-gcc | 0.3.2 | 5.82 | 46.55 | 52.37 | OK | |
r-devel-linux-x86_64-fedora-clang | 0.3.2 | 87.83 | NOTE | |||
r-devel-linux-x86_64-fedora-gcc | 0.3.2 | 134.56 | NOTE | |||
r-devel-windows-x86_64 | 0.3.2 | 9.00 | 69.00 | 78.00 | OK | |
r-patched-linux-x86_64 | 0.3.2 | 4.95 | 59.39 | 64.34 | OK | |
r-release-linux-x86_64 | 0.3.2 | 5.26 | 58.90 | 64.16 | OK | |
r-release-macos-arm64 | 0.3.2 | 41.00 | OK | |||
r-release-windows-x86_64 | 0.3.2 | 9.00 | 69.00 | 78.00 | OK | |
r-oldrel-macos-arm64 | 0.3.2 | 38.00 | OK | |||
r-oldrel-macos-x86_64 | 0.3.2 | 56.00 | OK | |||
r-oldrel-windows-x86_64 | 0.3.2 | 9.00 | 74.00 | 83.00 | OK |
Version: 0.3.2
Check: data for non-ASCII characters
Result: NOTE
Note: found 4 marked UTF-8 strings
Flavors: r-devel-linux-x86_64-fedora-clang, r-devel-linux-x86_64-fedora-gcc