Last updated on 2024-05-07 05:03:17 CEST.
Flavor | Version | Tinstall | Tcheck | Ttotal | Status | Flags |
---|---|---|---|---|---|---|
r-devel-linux-x86_64-debian-clang | 0.6.8 | 312.98 | 126.14 | 439.12 | OK | |
r-devel-linux-x86_64-debian-gcc | 0.6.8 | 230.08 | 96.73 | 326.81 | OK | |
r-devel-linux-x86_64-fedora-clang | 0.6.8 | 610.89 | OK | |||
r-devel-linux-x86_64-fedora-gcc | 0.6.8 | 707.26 | OK | |||
r-devel-windows-x86_64 | 0.6.8 | 227.00 | 123.00 | 350.00 | OK | |
r-patched-linux-x86_64 | 0.6.8 | 301.36 | 123.80 | 425.16 | OK | |
r-release-linux-x86_64 | 0.6.8 | 291.61 | 123.32 | 414.93 | OK | |
r-release-macos-arm64 | 0.6.8 | 146.00 | NOTE | |||
r-release-macos-x86_64 | 0.6.8 | 175.00 | NOTE | |||
r-release-windows-x86_64 | 0.6.8 | 226.00 | 118.00 | 344.00 | OK | |
r-oldrel-macos-arm64 | 0.6.8 | 122.00 | NOTE | |||
r-oldrel-macos-x86_64 | 0.6.8 | 174.00 | NOTE | |||
r-oldrel-windows-x86_64 | 0.6.8 | 269.00 | 143.00 | 412.00 | OK |
Version: 0.6.8
Check: installed package size
Result: NOTE
installed size is 9.5Mb
sub-directories of 1Mb or more:
libs 9.2Mb
Flavors: r-release-macos-arm64, r-release-macos-x86_64, r-oldrel-macos-arm64, r-oldrel-macos-x86_64