Last updated on 2024-05-21 11:53:42 CEST.
Flavor | Version | Tinstall | Tcheck | Ttotal | Status | Flags |
---|---|---|---|---|---|---|
r-devel-linux-x86_64-debian-clang | 0.3.3 | 104.81 | 72.06 | 176.87 | OK | |
r-devel-linux-x86_64-debian-gcc | 0.3.3 | 70.82 | 48.75 | 119.57 | OK | |
r-devel-linux-x86_64-fedora-clang | 0.3.3 | 242.73 | OK | |||
r-devel-linux-x86_64-fedora-gcc | 0.3.3 | 258.20 | OK | |||
r-devel-windows-x86_64 | 0.3.3 | 88.00 | 97.00 | 185.00 | OK | |
r-patched-linux-x86_64 | 0.3.3 | 99.74 | 67.17 | 166.91 | OK | |
r-release-linux-x86_64 | 0.3.3 | 102.90 | 66.22 | 169.12 | OK | |
r-release-macos-arm64 | 0.3.3 | 53.00 | NOTE | |||
r-release-macos-x86_64 | 0.3.3 | 130.00 | NOTE | |||
r-release-windows-x86_64 | 0.3.3 | 87.00 | 95.00 | 182.00 | OK | |
r-oldrel-macos-arm64 | 0.3.3 | 68.00 | NOTE | |||
r-oldrel-macos-x86_64 | 0.3.3 | 95.00 | NOTE | |||
r-oldrel-windows-x86_64 | 0.3.3 | 102.00 | 110.00 | 212.00 | OK |
Version: 0.3.3
Check: installed package size
Result: NOTE
installed size is 5.7Mb
sub-directories of 1Mb or more:
libs 4.2Mb
Flavors: r-release-macos-arm64, r-release-macos-x86_64, r-oldrel-macos-arm64, r-oldrel-macos-x86_64