Last updated on 2024-05-11 11:48:25 CEST.
Flavor | Version | Tinstall | Tcheck | Ttotal | Status | Flags |
---|---|---|---|---|---|---|
r-devel-linux-x86_64-debian-clang | 0.9.2 | 5.77 | 207.99 | 213.76 | OK | |
r-devel-linux-x86_64-debian-gcc | 0.9.2 | 3.48 | 152.47 | 155.95 | OK | |
r-devel-linux-x86_64-fedora-clang | 0.9.2 | 255.32 | NOTE | |||
r-devel-linux-x86_64-fedora-gcc | 0.9.2 | 285.67 | NOTE | |||
r-devel-windows-x86_64 | 0.9.2 | 6.00 | 177.00 | 183.00 | OK | |
r-patched-linux-x86_64 | 0.9.2 | 5.34 | 198.37 | 203.71 | OK | |
r-release-linux-x86_64 | 0.9.2 | 4.15 | 198.03 | 202.18 | OK | |
r-release-macos-arm64 | 0.9.2 | 77.00 | OK | |||
r-release-macos-x86_64 | 0.9.2 | 224.00 | OK | |||
r-release-windows-x86_64 | 0.9.2 | 5.00 | 171.00 | 176.00 | OK | |
r-oldrel-macos-arm64 | 0.9.2 | 80.00 | OK | |||
r-oldrel-macos-x86_64 | 0.9.2 | 195.00 | OK | |||
r-oldrel-windows-x86_64 | 0.9.2 | 7.00 | 199.00 | 206.00 | OK |
Version: 0.9.2
Check: dependencies in R code
Result: NOTE
Namespace in Imports field not imported from: ‘methods’
All declared Imports should be used.
Flavors: r-devel-linux-x86_64-fedora-clang, r-devel-linux-x86_64-fedora-gcc