Last updated on 2024-05-02 23:51:59 CEST.
Flavor | Version | Tinstall | Tcheck | Ttotal | Status | Flags |
---|---|---|---|---|---|---|
r-devel-linux-x86_64-debian-clang | 0.5-1 | 20.35 | 98.29 | 118.64 | OK | |
r-devel-linux-x86_64-debian-gcc | 0.5-1 | 16.78 | 74.07 | 90.85 | OK | |
r-devel-linux-x86_64-fedora-clang | 0.5-1 | 154.80 | WARN | |||
r-devel-linux-x86_64-fedora-gcc | 0.5-1 | 163.17 | WARN | |||
r-devel-windows-x86_64 | 0.5-1 | 59.00 | 128.00 | 187.00 | OK | |
r-patched-linux-x86_64 | 0.5-1 | 19.55 | 93.98 | 113.53 | OK | |
r-release-linux-x86_64 | 0.5-1 | 17.48 | 94.24 | 111.72 | OK | |
r-release-macos-arm64 | 0.5-1 | 12.00 | ERROR | |||
r-release-macos-x86_64 | 0.5-1 | 20.00 | ERROR | |||
r-release-windows-x86_64 | 0.5-1 | 61.00 | 128.00 | 189.00 | OK | |
r-oldrel-macos-arm64 | 0.5-1 | 17.00 | ERROR | |||
r-oldrel-macos-x86_64 | 0.5-1 | 20.00 | ERROR | |||
r-oldrel-windows-x86_64 | 0.5-1 | 59.00 | 147.00 | 206.00 | OK |
Version: 0.5-1
Check: whether the namespace can be unloaded cleanly
Result: WARN
---- unloading
Flavors: r-devel-linux-x86_64-fedora-clang, r-devel-linux-x86_64-fedora-gcc
Version: 0.5-1
Check: whether package can be installed
Result: ERROR
Installation failed.
Flavors: r-release-macos-arm64, r-release-macos-x86_64, r-oldrel-macos-arm64, r-oldrel-macos-x86_64