Last updated on 2024-05-05 17:54:02 CEST.
Flavor | Version | Tinstall | Tcheck | Ttotal | Status | Flags |
---|---|---|---|---|---|---|
r-devel-linux-x86_64-debian-clang | 0.9-52 | 96.11 | 128.20 | 224.31 | NOTE | |
r-devel-linux-x86_64-debian-gcc | 0.9-52 | 79.09 | 94.96 | 174.05 | NOTE | |
r-devel-linux-x86_64-fedora-clang | 0.9-52 | 325.37 | NOTE | |||
r-devel-linux-x86_64-fedora-gcc | 0.9-52 | 317.70 | NOTE | |||
r-devel-windows-x86_64 | 0.9-52 | 67.00 | 141.00 | 208.00 | NOTE | |
r-patched-linux-x86_64 | 0.9-52 | 91.91 | 120.78 | 212.69 | NOTE | |
r-release-linux-x86_64 | 0.9-52 | 94.89 | 122.19 | 217.08 | NOTE | |
r-release-macos-arm64 | 0.9-52 | 80.00 | NOTE | |||
r-release-windows-x86_64 | 0.9-52 | 69.00 | 140.00 | 209.00 | NOTE | |
r-oldrel-macos-arm64 | 0.9-52 | 103.00 | NOTE | |||
r-oldrel-macos-x86_64 | 0.9-52 | 173.00 | NOTE | |||
r-oldrel-windows-x86_64 | 0.9-52 | 89.00 | 160.00 | 249.00 | NOTE |
Version: 0.9-52
Check: package dependencies
Result: NOTE
Package suggested but not available for checking: ‘globaltest’
Flavor: r-devel-linux-x86_64-debian-clang
Version: 0.9-52
Check: C++ specification
Result: NOTE
Specified C++11: please drop specification unless essential
Flavors: r-devel-linux-x86_64-debian-clang, r-devel-linux-x86_64-debian-gcc, r-devel-linux-x86_64-fedora-clang, r-devel-linux-x86_64-fedora-gcc, r-devel-windows-x86_64, r-patched-linux-x86_64, r-release-linux-x86_64, r-release-macos-arm64, r-release-windows-x86_64, r-oldrel-macos-arm64, r-oldrel-macos-x86_64, r-oldrel-windows-x86_64
Version: 0.9-52
Check: Rd files
Result: NOTE
checkRd: (-1) breslow.Rd:27: Escaped LaTeX specials: \# \#
Flavors: r-devel-linux-x86_64-debian-clang, r-devel-linux-x86_64-debian-gcc, r-devel-linux-x86_64-fedora-clang, r-devel-linux-x86_64-fedora-gcc, r-devel-windows-x86_64, r-patched-linux-x86_64, r-release-linux-x86_64, r-release-macos-arm64, r-release-windows-x86_64, r-oldrel-macos-arm64, r-oldrel-macos-x86_64, r-oldrel-windows-x86_64
Version: 0.9-52
Check: installed package size
Result: NOTE
installed size is 6.0Mb
sub-directories of 1Mb or more:
libs 5.1Mb
Flavors: r-release-macos-arm64, r-oldrel-macos-arm64, r-oldrel-macos-x86_64