Last updated on 2024-04-27 11:48:57 CEST.
Flavor | Version | Tinstall | Tcheck | Ttotal | Status | Flags |
---|---|---|---|---|---|---|
r-devel-linux-x86_64-debian-clang | 1.1.1 | 7.23 | 179.46 | 186.69 | NOTE | |
r-devel-linux-x86_64-debian-gcc | 1.1.1 | 6.94 | 134.91 | 141.85 | NOTE | |
r-devel-linux-x86_64-fedora-clang | 1.1.1 | 235.70 | NOTE | |||
r-devel-linux-x86_64-fedora-gcc | 1.1.1 | 240.46 | NOTE | |||
r-devel-windows-x86_64 | 1.1.1 | 8.00 | 146.00 | 154.00 | NOTE | |
r-patched-linux-x86_64 | 1.1.1 | 5.64 | 176.01 | 181.65 | NOTE | |
r-release-linux-x86_64 | 1.1.1 | 5.21 | 173.91 | 179.12 | NOTE | |
r-release-macos-arm64 | 1.1.1 | 74.00 | NOTE | |||
r-release-windows-x86_64 | 1.1.1 | 8.00 | 148.00 | 156.00 | NOTE | |
r-oldrel-macos-arm64 | 1.1.1 | 81.00 | NOTE | |||
r-oldrel-macos-x86_64 | 1.1.1 | 128.00 | NOTE | |||
r-oldrel-windows-x86_64 | 1.1.1 | 11.00 | 181.00 | 192.00 | NOTE |
Version: 1.1.1
Check: Rd files
Result: NOTE
checkRd: (-1) plotluck.Rd:129: Lost braces
129 | in factors are are shown as a special factor level code{"?"}. They can be
| ^
Flavors: r-devel-linux-x86_64-debian-clang, r-devel-linux-x86_64-debian-gcc, r-devel-linux-x86_64-fedora-clang, r-devel-linux-x86_64-fedora-gcc, r-devel-windows-x86_64, r-patched-linux-x86_64, r-release-macos-arm64, r-release-windows-x86_64
Version: 1.1.1
Check: LazyData
Result: NOTE
'LazyData' is specified without a 'data' directory
Flavors: r-devel-linux-x86_64-debian-clang, r-devel-linux-x86_64-debian-gcc, r-devel-linux-x86_64-fedora-clang, r-devel-linux-x86_64-fedora-gcc, r-devel-windows-x86_64, r-patched-linux-x86_64, r-release-linux-x86_64, r-release-macos-arm64, r-release-windows-x86_64, r-oldrel-macos-arm64, r-oldrel-macos-x86_64, r-oldrel-windows-x86_64
Version: 1.1.1
Check: dependencies in R code
Result: NOTE
Namespaces in Imports field not imported from:
‘hexbin’ ‘quantreg’
All declared Imports should be used.
Flavors: r-devel-linux-x86_64-fedora-clang, r-devel-linux-x86_64-fedora-gcc