Last updated on 2024-05-21 11:53:43 CEST.
Flavor | Version | Tinstall | Tcheck | Ttotal | Status | Flags |
---|---|---|---|---|---|---|
r-devel-linux-x86_64-debian-clang | 1.3 | 50.13 | 110.15 | 160.28 | OK | |
r-devel-linux-x86_64-debian-gcc | 1.3 | 30.80 | 76.18 | 106.98 | OK | |
r-devel-linux-x86_64-fedora-clang | 1.3 | 205.95 | OK | |||
r-devel-linux-x86_64-fedora-gcc | 1.3 | 209.13 | OK | |||
r-devel-windows-x86_64 | 1.3 | 39.00 | 106.00 | 145.00 | OK | |
r-patched-linux-x86_64 | 1.3 | 46.39 | 97.99 | 144.38 | OK | |
r-release-linux-x86_64 | 1.3 | 42.71 | 95.80 | 138.51 | OK | |
r-release-macos-arm64 | 1.3 | 57.00 | OK | |||
r-release-windows-x86_64 | 1.3 | 39.00 | 108.00 | 147.00 | OK | |
r-oldrel-macos-arm64 | 1.3 | 61.00 | OK | |||
r-oldrel-macos-x86_64 | 1.3 | 182.00 | NOTE | |||
r-oldrel-windows-x86_64 | 1.3 | 46.00 | 126.00 | 172.00 | OK |
Version: 1.3
Check: installed package size
Result: NOTE
installed size is 5.0Mb
sub-directories of 1Mb or more:
libs 3.3Mb
Flavor: r-oldrel-macos-x86_64