Last updated on 2024-05-13 05:52:40 CEST.
Flavor | Version | Tinstall | Tcheck | Ttotal | Status | Flags |
---|---|---|---|---|---|---|
r-devel-linux-x86_64-debian-clang | 1.0.0 | 4.58 | 43.85 | 48.43 | OK | |
r-devel-linux-x86_64-debian-gcc | 1.0.0 | 3.27 | 31.87 | 35.14 | OK | |
r-devel-linux-x86_64-fedora-clang | 1.0.0 | 58.18 | OK | |||
r-devel-linux-x86_64-fedora-gcc | 1.0.0 | 79.22 | OK | |||
r-devel-windows-x86_64 | 1.0.0 | 5.00 | 54.00 | 59.00 | OK | |
r-patched-linux-x86_64 | 1.0.0 | 4.25 | 40.13 | 44.38 | OK | |
r-release-linux-x86_64 | 1.0.0 | 4.01 | 40.50 | 44.51 | OK | |
r-release-macos-arm64 | 1.0.0 | 22.00 | OK | |||
r-release-windows-x86_64 | 1.0.0 | 5.00 | 56.00 | 61.00 | OK | |
r-oldrel-macos-arm64 | 1.0.0 | 23.00 | OK | |||
r-oldrel-macos-x86_64 | 1.0.0 | 31.00 | NOTE | |||
r-oldrel-windows-x86_64 | 1.0.0 | 6.00 | 58.00 | 64.00 | OK |
Version: 1.0.0
Check: package dependencies
Result: NOTE
Package suggested but not available for checking: ‘AER’
Flavor: r-oldrel-macos-x86_64