Last updated on 2024-05-21 11:53:45 CEST.
Flavor | Version | Tinstall | Tcheck | Ttotal | Status | Flags |
---|---|---|---|---|---|---|
r-devel-linux-x86_64-debian-clang | 0.1-1 | 6.54 | 44.07 | 50.61 | NOTE | |
r-devel-linux-x86_64-debian-gcc | 0.1-1 | 4.57 | 33.55 | 38.12 | NOTE | |
r-devel-linux-x86_64-fedora-clang | 0.1-1 | 65.81 | NOTE | |||
r-devel-linux-x86_64-fedora-gcc | 0.1-1 | 60.00 | NOTE | |||
r-devel-windows-x86_64 | 0.1-1 | 7.00 | 66.00 | 73.00 | NOTE | |
r-patched-linux-x86_64 | 0.1-1 | 10.21 | 41.99 | 52.20 | NOTE | |
r-release-linux-x86_64 | 0.1-1 | 6.20 | 43.20 | 49.40 | NOTE | |
r-release-macos-arm64 | 0.1-1 | 21.00 | NOTE | |||
r-release-windows-x86_64 | 0.1-1 | 8.00 | 69.00 | 77.00 | NOTE | |
r-oldrel-macos-arm64 | 0.1-1 | 22.00 | OK | |||
r-oldrel-macos-x86_64 | 0.1-1 | 34.00 | OK | |||
r-oldrel-windows-x86_64 | 0.1-1 | 9.00 | 73.00 | 82.00 | OK |
Version: 0.1-1
Check: Rd files
Result: NOTE
checkRd: (-1) ecoperators-methods.Rd:50: Lost braces in \itemize; meant \describe ?
checkRd: (-1) ecoperators-methods.Rd:51: Lost braces in \itemize; meant \describe ?
checkRd: (-1) ecoperators-methods.Rd:52: Lost braces in \itemize; meant \describe ?
checkRd: (-1) ecoperators-methods.Rd:53: Lost braces in \itemize; meant \describe ?
checkRd: (-1) ecoperators-methods.Rd:54: Lost braces in \itemize; meant \describe ?
Flavors: r-devel-linux-x86_64-debian-clang, r-devel-linux-x86_64-debian-gcc, r-devel-linux-x86_64-fedora-clang, r-devel-linux-x86_64-fedora-gcc, r-devel-windows-x86_64, r-patched-linux-x86_64, r-release-linux-x86_64, r-release-macos-arm64, r-release-windows-x86_64
Version: 0.1-1
Check: HTML version of manual
Result: NOTE
Found the following HTML validation problems:
getblock.html:58:1 (getblock.Rd:23): Warning: trimming empty <h3>
getrawtransaction.html:57:1 (getrawtransaction.Rd:22): Warning: trimming empty <h3>
Flavors: r-devel-linux-x86_64-debian-clang, r-devel-linux-x86_64-debian-gcc, r-devel-linux-x86_64-fedora-clang, r-devel-linux-x86_64-fedora-gcc, r-devel-windows-x86_64, r-patched-linux-x86_64, r-release-linux-x86_64, r-release-windows-x86_64