Last updated on 2024-05-11 11:48:29 CEST.
Flavor | Version | Tinstall | Tcheck | Ttotal | Status | Flags |
---|---|---|---|---|---|---|
r-devel-linux-x86_64-debian-clang | 1.0.7 | 154.00 | 92.82 | 246.82 | OK | |
r-devel-linux-x86_64-debian-gcc | 1.0.7 | 116.02 | 70.08 | 186.10 | OK | |
r-devel-linux-x86_64-fedora-clang | 1.0.7 | 362.23 | OK | |||
r-devel-linux-x86_64-fedora-gcc | 1.0.7 | 434.83 | OK | |||
r-devel-windows-x86_64 | 1.0.7 | 122.00 | 121.00 | 243.00 | OK | |
r-patched-linux-x86_64 | 1.0.7 | 148.42 | 88.93 | 237.35 | OK | |
r-release-linux-x86_64 | 1.0.7 | 140.35 | 89.57 | 229.92 | OK | |
r-release-macos-arm64 | 1.0.7 | 82.00 | NOTE | |||
r-release-windows-x86_64 | 1.0.7 | 122.00 | 121.00 | 243.00 | OK | |
r-oldrel-macos-arm64 | 1.0.7 | 115.00 | NOTE | |||
r-oldrel-macos-x86_64 | 1.0.7 | 128.00 | NOTE | |||
r-oldrel-windows-x86_64 | 1.0.7 | 146.00 | 140.00 | 286.00 | OK |
Version: 1.0.7
Check: installed package size
Result: NOTE
installed size is 5.0Mb
sub-directories of 1Mb or more:
libs 4.3Mb
Flavors: r-release-macos-arm64, r-oldrel-macos-arm64, r-oldrel-macos-x86_64