Last updated on 2024-05-04 11:48:33 CEST.
Flavor | Version | Tinstall | Tcheck | Ttotal | Status | Flags |
---|---|---|---|---|---|---|
r-devel-linux-x86_64-debian-clang | 1.2.1 | 62.63 | 359.15 | 421.78 | NOTE | |
r-devel-linux-x86_64-debian-gcc | 1.2.1 | 47.83 | 254.12 | 301.95 | NOTE | |
r-devel-linux-x86_64-fedora-clang | 1.2.1 | 511.63 | NOTE | |||
r-devel-linux-x86_64-fedora-gcc | 1.2.1 | 492.12 | NOTE | |||
r-devel-windows-x86_64 | 1.2.1 | 48.00 | 235.00 | 283.00 | OK | |
r-patched-linux-x86_64 | 1.2.1 | 53.09 | 334.77 | 387.86 | NOTE | |
r-release-linux-x86_64 | 1.2.1 | 67.31 | 334.55 | 401.86 | NOTE | |
r-release-macos-arm64 | 1.2.1 | 113.00 | OK | |||
r-release-windows-x86_64 | 1.2.1 | 48.00 | 234.00 | 282.00 | OK | |
r-oldrel-macos-arm64 | 1.2.1 | 119.00 | OK | |||
r-oldrel-macos-x86_64 | 1.2.1 | 226.00 | OK | |||
r-oldrel-windows-x86_64 | 1.2.1 | 64.00 | 318.00 | 382.00 | OK |
Version: 1.2.1
Check: for non-standard things in the check directory
Result: NOTE
Found the following files/directories:
‘vdendool_mode_01_int_predictor.grd’
‘vdendool_mode_01_int_predictor.gri’
‘vdendool_mode_01_int_response.grd’
‘vdendool_mode_01_int_response.gri’
‘vdendool_mode_01_p_predictor.grd’ ‘vdendool_mode_01_p_predictor.gri’
‘vdendool_mode_01_p_response.grd’ ‘vdendool_mode_01_p_response.gri’
‘vdendool_mode_01_r_predictor.grd’ ‘vdendool_mode_01_r_predictor.gri’
‘vdendool_mode_01_r_response.grd’ ‘vdendool_mode_01_r_response.gri’
‘vdendool_mode_01_resid_predictor.grd’
‘vdendool_mode_01_resid_predictor.gri’
‘vdendool_mode_01_resid_response.grd’
‘vdendool_mode_01_resid_response.gri’
‘vdendool_mode_01_rsq_predictor.grd’
‘vdendool_mode_01_rsq_predictor.gri’
‘vdendool_mode_01_rsq_response.grd’
‘vdendool_mode_01_rsq_response.gri’
‘vdendool_mode_01_rsq_sums_predictor.grd’
‘vdendool_mode_01_rsq_sums_predictor.gri’
‘vdendool_mode_01_slp_predictor.grd’
‘vdendool_mode_01_slp_predictor.gri’
‘vdendool_mode_01_slp_response.grd’
‘vdendool_mode_01_slp_response.gri’
‘vdendool_mode_02_int_predictor.grd’
‘vdendool_mode_02_int_predictor.gri’
‘vdendool_mode_02_int_response.grd’
‘vdendool_mode_02_int_response.gri’
‘vdendool_mode_02_p_predictor.grd’ ‘vdendool_mode_02_p_predictor.gri’
‘vdendool_mode_02_p_response.grd’ ‘vdendool_mode_02_p_response.gri’
‘vdendool_mode_02_r_predictor.grd’ ‘vdendool_mode_02_r_predictor.gri’
‘vdendool_mode_02_r_response.grd’ ‘vdendool_mode_02_r_response.gri’
‘vdendool_mode_02_resid_predictor.grd’
‘vdendool_mode_02_resid_predictor.gri’
‘vdendool_mode_02_resid_response.grd’
‘vdendool_mode_02_resid_response.gri’
‘vdendool_mode_02_rsq_predictor.grd’
‘vdendool_mode_02_rsq_predictor.gri’
‘vdendool_mode_02_rsq_response.grd’
‘vdendool_mode_02_rsq_response.gri’
‘vdendool_mode_02_rsq_sums_predictor.grd’
‘vdendool_mode_02_rsq_sums_predictor.gri’
‘vdendool_mode_02_slp_predictor.grd’
‘vdendool_mode_02_slp_predictor.gri’
‘vdendool_mode_02_slp_response.grd’
‘vdendool_mode_02_slp_response.gri’
Flavors: r-devel-linux-x86_64-debian-clang, r-devel-linux-x86_64-debian-gcc, r-devel-linux-x86_64-fedora-clang, r-devel-linux-x86_64-fedora-gcc, r-patched-linux-x86_64, r-release-linux-x86_64
Version: 1.2.1
Check: compiled code
Result: NOTE
File ‘remote/libs/remote.so’:
Found no calls to: ‘R_registerRoutines’, ‘R_useDynamicSymbols’
It is good practice to register native routines and to disable symbol
search.
See ‘Writing portable packages’ in the ‘Writing R Extensions’ manual.
Flavors: r-devel-linux-x86_64-fedora-clang, r-devel-linux-x86_64-fedora-gcc