Last updated on 2024-05-10 00:04:09 CEST.
Flavor | Version | Tinstall | Tcheck | Ttotal | Status | Flags |
---|---|---|---|---|---|---|
r-devel-linux-x86_64-debian-clang | 0.0.3 | 6.22 | 45.11 | 51.33 | NOTE | |
r-devel-linux-x86_64-debian-gcc | 0.0.3 | 4.20 | 34.44 | 38.64 | NOTE | |
r-devel-linux-x86_64-fedora-clang | 0.0.3 | 63.13 | NOTE | |||
r-devel-linux-x86_64-fedora-gcc | 0.0.3 | 83.21 | NOTE | |||
r-devel-windows-x86_64 | 0.0.3 | 7.00 | 60.00 | 67.00 | NOTE | |
r-patched-linux-x86_64 | 0.0.3 | 3.09 | 43.75 | 46.84 | NOTE | |
r-release-linux-x86_64 | 0.0.3 | 3.15 | 42.20 | 45.35 | NOTE | |
r-release-macos-arm64 | 0.0.3 | 23.00 | NOTE | |||
r-release-windows-x86_64 | 0.0.3 | 6.00 | 59.00 | 65.00 | NOTE | |
r-oldrel-macos-arm64 | 0.0.3 | 25.00 | NOTE | |||
r-oldrel-macos-x86_64 | 0.0.3 | 35.00 | NOTE | |||
r-oldrel-windows-x86_64 | 0.0.3 | 9.00 | 62.00 | 71.00 | NOTE |
Version: 0.0.3
Check: LazyData
Result: NOTE
'LazyData' is specified without a 'data' directory
Flavors: r-devel-linux-x86_64-debian-clang, r-devel-linux-x86_64-debian-gcc, r-devel-linux-x86_64-fedora-clang, r-devel-linux-x86_64-fedora-gcc, r-devel-windows-x86_64, r-patched-linux-x86_64, r-release-linux-x86_64, r-release-macos-arm64, r-release-windows-x86_64, r-oldrel-macos-arm64, r-oldrel-macos-x86_64, r-oldrel-windows-x86_64