Last updated on 2024-05-05 05:54:03 CEST.
Flavor | Version | Tinstall | Tcheck | Ttotal | Status | Flags |
---|---|---|---|---|---|---|
r-devel-linux-x86_64-debian-clang | 1.7.0 | 154.03 | 38.21 | 192.24 | NOTE | |
r-devel-linux-x86_64-debian-gcc | 1.7.0 | 143.77 | 30.08 | 173.85 | NOTE | |
r-devel-linux-x86_64-fedora-clang | 1.7.0 | 304.29 | NOTE | |||
r-devel-linux-x86_64-fedora-gcc | 1.7.0 | 323.95 | NOTE | |||
r-devel-windows-x86_64 | 1.7.0 | 174.00 | 95.00 | 269.00 | NOTE | |
r-patched-linux-x86_64 | 1.7.0 | 172.11 | 36.85 | 208.96 | OK | |
r-release-linux-x86_64 | 1.7.0 | 184.61 | 37.20 | 221.81 | OK | |
r-release-macos-arm64 | 1.7.0 | 60.00 | NOTE | |||
r-release-windows-x86_64 | 1.7.0 | 178.00 | 96.00 | 274.00 | OK | |
r-oldrel-macos-arm64 | 1.7.0 | 73.00 | NOTE | |||
r-oldrel-macos-x86_64 | 1.7.0 | 85.00 | NOTE | |||
r-oldrel-windows-x86_64 | 1.7.0 | 176.00 | 134.00 | 310.00 | OK |
Version: 1.7.0
Check: compiled code
Result: NOTE
File ‘rlas/libs/rlas.so’:
Found non-API call to R: ‘STDVEC_DATAPTR’
Compiled code should not call non-API entry points in R.
See ‘Writing portable packages’ in the ‘Writing R Extensions’ manual.
Flavors: r-devel-linux-x86_64-debian-clang, r-devel-linux-x86_64-debian-gcc, r-devel-linux-x86_64-fedora-clang, r-devel-linux-x86_64-fedora-gcc
Version: 1.7.0
Check: compiled code
Result: NOTE
File 'rlas/libs/x64/rlas.dll':
Found non-API call to R: 'STDVEC_DATAPTR'
Compiled code should not call non-API entry points in R.
See 'Writing portable packages' in the 'Writing R Extensions' manual.
Flavor: r-devel-windows-x86_64
Version: 1.7.0
Check: installed package size
Result: NOTE
installed size is 9.8Mb
sub-directories of 1Mb or more:
libs 9.3Mb
Flavors: r-release-macos-arm64, r-oldrel-macos-arm64, r-oldrel-macos-x86_64