Last updated on 2024-05-02 23:52:02 CEST.
Flavor | Version | Tinstall | Tcheck | Ttotal | Status | Flags |
---|---|---|---|---|---|---|
r-devel-linux-x86_64-debian-clang | 0.0.3 | 2.00 | 19.96 | 21.96 | OK | |
r-devel-linux-x86_64-debian-gcc | 0.0.3 | 1.40 | 15.16 | 16.56 | OK | |
r-devel-linux-x86_64-fedora-clang | 0.0.3 | 27.78 | NOTE | |||
r-devel-linux-x86_64-fedora-gcc | 0.0.3 | 26.41 | OK | |||
r-devel-windows-x86_64 | 0.0.3 | 3.00 | 34.00 | 37.00 | OK | |
r-patched-linux-x86_64 | 0.0.3 | 1.20 | 19.46 | 20.66 | OK | |
r-release-linux-x86_64 | 0.0.3 | 1.63 | 19.17 | 20.80 | OK | |
r-release-macos-arm64 | 0.0.3 | 13.00 | OK | |||
r-release-windows-x86_64 | 0.0.3 | 2.00 | 34.00 | 36.00 | OK | |
r-oldrel-macos-arm64 | 0.0.3 | 15.00 | OK | |||
r-oldrel-macos-x86_64 | 0.0.3 | 17.00 | OK | |||
r-oldrel-windows-x86_64 | 0.0.3 | 3.00 | 35.00 | 38.00 | OK |
Version: 0.0.3
Check: Rd cross-references
Result: NOTE
Undeclared package ‘fortunes’ in Rd xrefs
Flavor: r-devel-linux-x86_64-fedora-clang