Last updated on 2024-04-27 11:49:01 CEST.
Flavor | Version | Tinstall | Tcheck | Ttotal | Status | Flags |
---|---|---|---|---|---|---|
r-devel-linux-x86_64-debian-clang | 7.3.1 | 26.69 | 154.88 | 181.57 | NOTE | |
r-devel-linux-x86_64-debian-gcc | 7.3.1 | 20.78 | 115.11 | 135.89 | NOTE | |
r-devel-linux-x86_64-fedora-clang | 7.3.1 | 249.95 | NOTE | |||
r-devel-linux-x86_64-fedora-gcc | 7.3.1 | 235.27 | NOTE | |||
r-devel-windows-x86_64 | 7.3.1 | 25.00 | 137.00 | 162.00 | NOTE | |
r-patched-linux-x86_64 | 7.3.1 | 29.35 | 146.26 | 175.61 | OK | |
r-release-linux-x86_64 | 7.3.1 | 25.21 | 146.87 | 172.08 | OK | |
r-release-macos-arm64 | 7.3.1 | 67.00 | OK | |||
r-release-macos-x86_64 | 7.3.1 | 113.00 | OK | |||
r-release-windows-x86_64 | 7.3.1 | 27.00 | 137.00 | 164.00 | OK | |
r-oldrel-macos-arm64 | 7.3.1 | 68.00 | OK | |||
r-oldrel-macos-x86_64 | 7.3.1 | 122.00 | OK | |||
r-oldrel-windows-x86_64 | 7.3.1 | 30.00 | 156.00 | 186.00 | OK |
Version: 7.3.1
Check: compiled code
Result: NOTE
File ‘roxygen2/libs/roxygen2.so’:
Found non-API calls to R: ‘SETLENGTH’, ‘SET_TRUELENGTH’
Compiled code should not call non-API entry points in R.
See ‘Writing portable packages’ in the ‘Writing R Extensions’ manual.
Flavors: r-devel-linux-x86_64-debian-clang, r-devel-linux-x86_64-debian-gcc, r-devel-linux-x86_64-fedora-clang, r-devel-linux-x86_64-fedora-gcc
Version: 7.3.1
Check: compiled code
Result: NOTE
File 'roxygen2/libs/x64/roxygen2.dll':
Found non-API calls to R: 'SETLENGTH', 'SET_TRUELENGTH'
Compiled code should not call non-API entry points in R.
See 'Writing portable packages' in the 'Writing R Extensions' manual.
Flavor: r-devel-windows-x86_64