Last updated on 2024-05-11 05:54:48 CEST.
Flavor | Version | Tinstall | Tcheck | Ttotal | Status | Flags |
---|---|---|---|---|---|---|
r-devel-linux-x86_64-debian-clang | 0.0.2 | 563.38 | 241.94 | 805.32 | NOTE | |
r-devel-linux-x86_64-debian-gcc | 0.0.2 | 541.49 | 207.39 | 748.88 | NOTE | |
r-devel-linux-x86_64-fedora-clang | 0.0.2 | 982.29 | NOTE | |||
r-devel-linux-x86_64-fedora-gcc | 0.0.2 | 1508.71 | NOTE | |||
r-devel-windows-x86_64 | 0.0.2 | 447.00 | 217.00 | 664.00 | NOTE | |
r-patched-linux-x86_64 | 0.0.2 | 474.37 | 268.82 | 743.19 | NOTE | |
r-release-linux-x86_64 | 0.0.2 | 0.01 | 2.19 | 2.20 | ERROR | |
r-release-macos-arm64 | 0.0.2 | 235.00 | NOTE | |||
r-release-macos-x86_64 | 0.0.2 | 276.00 | NOTE | |||
r-release-windows-x86_64 | 0.0.2 | 427.00 | 209.00 | 636.00 | NOTE | |
r-oldrel-macos-arm64 | 0.0.2 | 215.00 | NOTE | |||
r-oldrel-macos-x86_64 | 0.0.2 | 298.00 | NOTE | |||
r-oldrel-windows-x86_64 | 0.0.2 | 569.00 | 266.00 | 835.00 | NOTE |
Version: 0.0.2
Check: for GNU extensions in Makefiles
Result: NOTE
GNU make is a SystemRequirements.
Flavors: r-devel-linux-x86_64-debian-clang, r-devel-linux-x86_64-debian-gcc, r-devel-linux-x86_64-fedora-clang, r-devel-linux-x86_64-fedora-gcc, r-devel-windows-x86_64, r-patched-linux-x86_64, r-release-macos-arm64, r-release-macos-x86_64, r-release-windows-x86_64, r-oldrel-macos-arm64, r-oldrel-macos-x86_64, r-oldrel-windows-x86_64
Version: 0.0.2
Check: installed package size
Result: NOTE
installed size is 5.1Mb
sub-directories of 1Mb or more:
libs 4.8Mb
Flavors: r-devel-linux-x86_64-fedora-clang, r-release-macos-arm64, r-release-macos-x86_64, r-oldrel-macos-arm64, r-oldrel-macos-x86_64
Version: 0.0.2
Check: whether package can be installed
Result: ERROR
Installation failed.
Flavor: r-release-linux-x86_64