Last updated on 2024-05-10 00:04:12 CEST.
Flavor | Version | Tinstall | Tcheck | Ttotal | Status | Flags |
---|---|---|---|---|---|---|
r-devel-linux-x86_64-debian-clang | 2.0.11 | 603.02 | 34.18 | 637.20 | OK | |
r-devel-linux-x86_64-debian-gcc | 2.0.11 | 538.62 | 26.39 | 565.01 | OK | |
r-devel-linux-x86_64-fedora-clang | 2.0.11 | 952.15 | OK | |||
r-devel-linux-x86_64-fedora-gcc | 2.0.11 | 1199.22 | OK | |||
r-devel-windows-x86_64 | 2.0.11 | 561.00 | 96.00 | 657.00 | OK | |
r-patched-linux-x86_64 | 2.0.11 | 667.45 | 33.06 | 700.51 | OK | |
r-release-linux-x86_64 | 2.0.11 | 680.23 | 33.12 | 713.35 | OK | |
r-release-macos-arm64 | 2.0.11 | 169.00 | NOTE | |||
r-release-windows-x86_64 | 2.0.11 | 561.00 | 92.00 | 653.00 | OK | |
r-oldrel-macos-arm64 | 2.0.11 | 194.00 | NOTE | |||
r-oldrel-macos-x86_64 | 2.0.11 | 328.00 | NOTE | |||
r-oldrel-windows-x86_64 | 2.0.11 | 711.00 | 107.00 | 818.00 | OK |
Version: 2.0.11
Check: installed package size
Result: NOTE
installed size is 14.4Mb
sub-directories of 1Mb or more:
libs 14.3Mb
Flavors: r-release-macos-arm64, r-oldrel-macos-arm64, r-oldrel-macos-x86_64