Last updated on 2024-05-08 05:56:32 CEST.
Flavor | Version | Tinstall | Tcheck | Ttotal | Status | Flags |
---|---|---|---|---|---|---|
r-devel-linux-x86_64-debian-clang | 1.1-18 | 9.97 | 82.95 | 92.92 | OK | |
r-devel-linux-x86_64-debian-gcc | 1.1-18 | 5.16 | 60.70 | 65.86 | OK | |
r-devel-linux-x86_64-fedora-clang | 1.1-18 | 118.61 | NOTE | |||
r-devel-linux-x86_64-fedora-gcc | 1.1-18 | 124.58 | OK | |||
r-devel-windows-x86_64 | 1.1-18 | 9.00 | 103.00 | 112.00 | OK | |
r-patched-linux-x86_64 | 1.1-18 | 10.57 | 79.63 | 90.20 | OK | |
r-release-linux-x86_64 | 1.1-18 | 8.12 | 76.79 | 84.91 | OK | |
r-release-macos-arm64 | 1.1-18 | 54.00 | OK | |||
r-release-macos-x86_64 | 1.1-18 | 120.00 | OK | |||
r-release-windows-x86_64 | 1.1-18 | 10.00 | 104.00 | 114.00 | OK | |
r-oldrel-macos-arm64 | 1.1-18 | 57.00 | OK | |||
r-oldrel-macos-x86_64 | 1.1-18 | 100.00 | OK | |||
r-oldrel-windows-x86_64 | 1.1-18 | 11.00 | 118.00 | 129.00 | OK |
Version: 1.1-18
Check: Rd cross-references
Result: NOTE
Undeclared packages ‘relevance’, ‘DescTools’ in Rd xrefs
Flavor: r-devel-linux-x86_64-fedora-clang