Last updated on 2024-05-06 00:03:06 CEST.
Flavor | Version | Tinstall | Tcheck | Ttotal | Status | Flags |
---|---|---|---|---|---|---|
r-devel-linux-x86_64-debian-clang | 2.3 | 17.42 | 173.48 | 190.90 | NOTE | |
r-devel-linux-x86_64-debian-gcc | 2.3 | 14.83 | 124.68 | 139.51 | NOTE | |
r-devel-linux-x86_64-fedora-clang | 2.3 | 249.66 | NOTE | |||
r-devel-linux-x86_64-fedora-gcc | 2.3 | 252.82 | NOTE | |||
r-devel-windows-x86_64 | 2.3 | 16.00 | 137.00 | 153.00 | NOTE | |
r-patched-linux-x86_64 | 2.3 | 21.28 | 167.69 | 188.97 | NOTE | |
r-release-linux-x86_64 | 2.3 | 17.36 | 165.59 | 182.95 | NOTE | |
r-release-macos-arm64 | 2.3 | 70.00 | NOTE | |||
r-release-macos-x86_64 | 2.3 | 186.00 | NOTE | |||
r-release-windows-x86_64 | 2.3 | 15.00 | 141.00 | 156.00 | NOTE | |
r-oldrel-macos-arm64 | 2.3 | 78.00 | NOTE | |||
r-oldrel-macos-x86_64 | 2.3 | 139.00 | NOTE | |||
r-oldrel-windows-x86_64 | 2.3 | 21.00 | 177.00 | 198.00 | NOTE |
Version: 2.3
Check: package dependencies
Result: NOTE
Package suggested but not available for checking: ‘hydromad’
Flavors: r-devel-linux-x86_64-debian-clang, r-devel-linux-x86_64-debian-gcc, r-devel-linux-x86_64-fedora-clang, r-devel-linux-x86_64-fedora-gcc, r-devel-windows-x86_64, r-patched-linux-x86_64, r-release-linux-x86_64, r-release-macos-arm64, r-release-macos-x86_64, r-release-windows-x86_64, r-oldrel-macos-arm64, r-oldrel-macos-x86_64, r-oldrel-windows-x86_64