Last updated on 2024-05-11 11:48:31 CEST.
Flavor | Version | Tinstall | Tcheck | Ttotal | Status | Flags |
---|---|---|---|---|---|---|
r-devel-linux-x86_64-debian-clang | 1.1.0 | 7.42 | 56.30 | 63.72 | OK | |
r-devel-linux-x86_64-debian-gcc | 1.1.0 | 6.59 | 41.88 | 48.47 | OK | |
r-devel-linux-x86_64-fedora-clang | 1.1.0 | 84.38 | NOTE | |||
r-devel-linux-x86_64-fedora-gcc | 1.1.0 | 110.91 | NOTE | |||
r-devel-windows-x86_64 | 1.1.0 | 10.00 | 62.00 | 72.00 | OK | |
r-patched-linux-x86_64 | 1.1.0 | 8.76 | 54.79 | 63.55 | OK | |
r-release-linux-x86_64 | 1.1.0 | 7.85 | 55.16 | 63.01 | OK | |
r-release-macos-arm64 | 1.1.0 | 27.00 | OK | |||
r-release-windows-x86_64 | 1.1.0 | 10.00 | 62.00 | 72.00 | OK | |
r-oldrel-macos-arm64 | 1.1.0 | 27.00 | OK | |||
r-oldrel-macos-x86_64 | 1.1.0 | 40.00 | OK | |||
r-oldrel-windows-x86_64 | 1.1.0 | 12.00 | 64.00 | 76.00 | OK |
Version: 1.1.0
Check: dependencies in R code
Result: NOTE
Namespaces in Imports field not imported from:
‘R6’ ‘scales’ ‘websocket’
All declared Imports should be used.
Flavors: r-devel-linux-x86_64-fedora-clang, r-devel-linux-x86_64-fedora-gcc