Last updated on 2024-05-01 23:52:33 CEST.
Flavor | Version | Tinstall | Tcheck | Ttotal | Status | Flags |
---|---|---|---|---|---|---|
r-devel-linux-x86_64-debian-clang | 2.8.15 | 30.50 | 541.40 | 571.90 | OK | |
r-devel-linux-x86_64-debian-gcc | 2.8.15 | 23.73 | 393.00 | 416.73 | OK | |
r-devel-linux-x86_64-fedora-clang | 2.8.15 | 716.84 | OK | |||
r-devel-linux-x86_64-fedora-gcc | 2.8.15 | 711.12 | OK | |||
r-devel-windows-x86_64 | 2.8.15 | 24.00 | 397.00 | 421.00 | OK | |
r-patched-linux-x86_64 | 2.8.15 | 25.26 | 521.20 | 546.46 | OK | |
r-release-linux-x86_64 | 2.8.15 | 21.02 | 498.04 | 519.06 | NOTE | |
r-release-macos-arm64 | 2.8.15 | 196.00 | OK | |||
r-release-windows-x86_64 | 2.8.15 | 24.00 | 389.00 | 413.00 | OK | |
r-oldrel-macos-arm64 | 2.8.15 | 200.00 | OK | |||
r-oldrel-macos-x86_64 | 2.8.15 | 347.00 | OK | |||
r-oldrel-windows-x86_64 | 2.8.15 | 32.00 | 507.00 | 539.00 | OK |
Version: 2.8.15
Check: package dependencies
Result: NOTE
Package suggested but not available for checking: ‘rstanarm’
Flavor: r-release-linux-x86_64