Last updated on 2024-05-21 11:53:50 CEST.
Flavor | Version | Tinstall | Tcheck | Ttotal | Status | Flags |
---|---|---|---|---|---|---|
r-devel-linux-x86_64-debian-clang | 1.2.0 | 3.71 | 77.79 | 81.50 | OK | |
r-devel-linux-x86_64-debian-gcc | 1.2.0 | 4.26 | 59.52 | 63.78 | OK | |
r-devel-linux-x86_64-fedora-clang | 1.2.0 | 107.13 | NOTE | |||
r-devel-linux-x86_64-fedora-gcc | 1.2.0 | 111.87 | OK | |||
r-devel-windows-x86_64 | 1.2.0 | 6.00 | 107.00 | 113.00 | OK | |
r-patched-linux-x86_64 | 1.1.0 | 7.52 | 73.73 | 81.25 | OK | |
r-release-linux-x86_64 | 1.2.0 | 5.28 | 74.86 | 80.14 | OK | |
r-release-macos-arm64 | 1.2.0 | 47.00 | OK | |||
r-release-macos-x86_64 | 1.2.0 | 135.00 | OK | |||
r-release-windows-x86_64 | 1.2.0 | 6.00 | 106.00 | 112.00 | OK | |
r-oldrel-macos-arm64 | 1.2.0 | 44.00 | ERROR | |||
r-oldrel-macos-x86_64 | 1.2.0 | 101.00 | ERROR | |||
r-oldrel-windows-x86_64 | 1.2.0 | 6.00 | 107.00 | 113.00 | OK |
Version: 1.2.0
Check: Rd cross-references
Result: NOTE
Undeclared package ‘numbers’ in Rd xrefs
Flavor: r-devel-linux-x86_64-fedora-clang
Version: 1.2.0
Check: re-building of vignette outputs
Result: ERROR
Error(s) in re-building vignettes:
...
--- re-building ‘socialranking.Rmd’ using rmarkdown
--- finished re-building ‘socialranking.Rmd’
--- re-building ‘socialranking_pdf.Rmd’ using rmarkdown
! Missing $ inserted.
<inserted text>
$
l.335 socialranking_
pdf.R
Try to find the following text in /Volumes/Builds/packages/big-sur-arm64/results/4.3/socialranking.Rcheck/vign_test/socialranking/vignettes/socialranking_pdf.Rmd:
socialranking_
You may need to add $ $ around a certain inline R expression `r ` in /Volumes/Builds/packages/big-sur-arm64/results/4.3/socialranking.Rcheck/vign_test/socialranking/vignettes/socialranking_pdf.Rmd (see the above hint). See https://github.com/rstudio/rmarkdown/issues/385 for more info.
Error: processing vignette 'socialranking_pdf.Rmd' failed with diagnostics:
LaTeX failed to compile /Volumes/Builds/packages/big-sur-arm64/results/4.3/socialranking.Rcheck/vign_test/socialranking/vignettes/socialranking_pdf.tex. See https://yihui.org/tinytex/r/#debugging for debugging tips. See socialranking_pdf.log for more info.
--- failed re-building ‘socialranking_pdf.Rmd’
SUMMARY: processing the following file failed:
‘socialranking_pdf.Rmd’
Error: Vignette re-building failed.
Execution halted
Flavor: r-oldrel-macos-arm64
Version: 1.2.0
Check: re-building of vignette outputs
Result: ERROR
Error(s) in re-building vignettes:
...
--- re-building ‘socialranking.Rmd’ using rmarkdown
--- finished re-building ‘socialranking.Rmd’
--- re-building ‘socialranking_pdf.Rmd’ using rmarkdown
! Missing $ inserted.
<inserted text>
$
l.345 socialranking_
pdf.R
Try to find the following text in /Volumes/Builds/packages/big-sur-x86_64/results/4.3/socialranking.Rcheck/vign_test/socialranking/vignettes/socialranking_pdf.Rmd:
socialranking_
You may need to add $ $ around a certain inline R expression `r ` in /Volumes/Builds/packages/big-sur-x86_64/results/4.3/socialranking.Rcheck/vign_test/socialranking/vignettes/socialranking_pdf.Rmd (see the above hint). See https://github.com/rstudio/rmarkdown/issues/385 for more info.
Error: processing vignette 'socialranking_pdf.Rmd' failed with diagnostics:
LaTeX failed to compile /Volumes/Builds/packages/big-sur-x86_64/results/4.3/socialranking.Rcheck/vign_test/socialranking/vignettes/socialranking_pdf.tex. See https://yihui.org/tinytex/r/#debugging for debugging tips. See socialranking_pdf.log for more info.
--- failed re-building ‘socialranking_pdf.Rmd’
SUMMARY: processing the following file failed:
‘socialranking_pdf.Rmd’
Error: Vignette re-building failed.
Execution halted
Flavor: r-oldrel-macos-x86_64