Last updated on 2024-05-21 17:50:12 CEST.
Flavor | Version | Tinstall | Tcheck | Ttotal | Status | Flags |
---|---|---|---|---|---|---|
r-devel-linux-x86_64-debian-clang | 1.0.0 | 53.75 | 450.99 | 504.74 | NOTE | |
r-devel-linux-x86_64-debian-gcc | 1.0.0 | 44.11 | 312.44 | 356.55 | NOTE | |
r-devel-linux-x86_64-fedora-clang | 1.0.0 | 610.77 | NOTE | |||
r-devel-linux-x86_64-fedora-gcc | 1.0.0 | 593.75 | OK | |||
r-devel-windows-x86_64 | 1.0.0 | 41.00 | 279.00 | 320.00 | NOTE | |
r-patched-linux-x86_64 | 1.0.0 | 46.98 | 417.02 | 464.00 | NOTE | |
r-release-linux-x86_64 | 1.0.0 | 41.47 | 420.03 | 461.50 | NOTE | |
r-release-macos-arm64 | 1.0.0 | 136.00 | NOTE | |||
r-release-macos-x86_64 | 1.0.0 | 311.00 | NOTE | |||
r-release-windows-x86_64 | 1.0.0 | 42.00 | 275.00 | 317.00 | NOTE | |
r-oldrel-macos-arm64 | 1.0.0 | 151.00 | NOTE | |||
r-oldrel-macos-x86_64 | 1.0.0 | 278.00 | NOTE | |||
r-oldrel-windows-x86_64 | 1.0.0 | 57.00 | 357.00 | 414.00 | NOTE |
Version: 1.0.0
Check: package dependencies
Result: NOTE
Package suggested but not available for checking: ‘INLA’
Flavors: r-devel-linux-x86_64-debian-clang, r-devel-linux-x86_64-debian-gcc, r-patched-linux-x86_64, r-release-linux-x86_64, r-release-macos-arm64, r-release-macos-x86_64, r-oldrel-macos-arm64, r-oldrel-macos-x86_64, r-oldrel-windows-x86_64
Version: 1.0.0
Check: installed package size
Result: NOTE
installed size is 5.8Mb
sub-directories of 1Mb or more:
data 2.9Mb
doc 2.5Mb
Flavors: r-devel-linux-x86_64-fedora-clang, r-devel-windows-x86_64, r-release-macos-arm64, r-release-macos-x86_64, r-release-windows-x86_64, r-oldrel-macos-arm64, r-oldrel-macos-x86_64, r-oldrel-windows-x86_64