Last updated on 2024-05-04 17:53:04 CEST.
Flavor | Version | Tinstall | Tcheck | Ttotal | Status | Flags |
---|---|---|---|---|---|---|
r-devel-linux-x86_64-debian-clang | 0.4.9 | 15.96 | 285.71 | 301.67 | OK | |
r-devel-linux-x86_64-debian-gcc | 0.4.9 | 13.73 | 212.25 | 225.98 | OK | |
r-devel-linux-x86_64-fedora-clang | 0.4.9 | 381.07 | NOTE | |||
r-devel-linux-x86_64-fedora-gcc | 0.4.9 | 399.67 | OK | |||
r-devel-windows-x86_64 | 0.4.9 | 15.00 | 210.00 | 225.00 | NOTE | |
r-patched-linux-x86_64 | 0.4.9 | 21.09 | 269.97 | 291.06 | OK | |
r-release-linux-x86_64 | 0.4.9 | 12.15 | 274.04 | 286.19 | OK | |
r-release-macos-arm64 | 0.4.9 | 102.00 | NOTE | |||
r-release-windows-x86_64 | 0.4.9 | 16.00 | 210.00 | 226.00 | NOTE | |
r-oldrel-macos-arm64 | 0.4.9 | 103.00 | NOTE | |||
r-oldrel-macos-x86_64 | 0.4.9 | 165.00 | NOTE | |||
r-oldrel-windows-x86_64 | 0.4.9 | 21.00 | 265.00 | 286.00 | NOTE |
Version: 0.4.9
Check: installed package size
Result: NOTE
installed size is 6.1Mb
sub-directories of 1Mb or more:
doc 5.6Mb
Flavors: r-devel-linux-x86_64-fedora-clang, r-devel-windows-x86_64, r-release-macos-arm64, r-release-windows-x86_64, r-oldrel-macos-arm64, r-oldrel-macos-x86_64, r-oldrel-windows-x86_64