Last updated on 2024-05-02 05:12:54 CEST.
Flavor | Version | Tinstall | Tcheck | Ttotal | Status | Flags |
---|---|---|---|---|---|---|
r-devel-linux-x86_64-debian-clang | 1.3.11 | 166.78 | 227.89 | 394.67 | OK | |
r-devel-linux-x86_64-debian-gcc | 1.3.11 | 125.57 | 162.11 | 287.68 | OK | |
r-devel-linux-x86_64-fedora-clang | 1.3.11 | 531.27 | OK | |||
r-devel-linux-x86_64-fedora-gcc | 1.3.11 | 535.20 | OK | |||
r-devel-windows-x86_64 | 1.3.11 | 126.00 | 208.00 | 334.00 | OK | |
r-patched-linux-x86_64 | 1.3.11 | 160.52 | 213.29 | 373.81 | OK | |
r-release-linux-x86_64 | 1.3.11 | 163.26 | 217.36 | 380.62 | OK | |
r-release-macos-arm64 | 1.3.11 | 118.00 | NOTE | |||
r-release-windows-x86_64 | 1.3.11 | 131.00 | 200.00 | 331.00 | OK | |
r-oldrel-macos-arm64 | 1.3.11 | 149.00 | NOTE | |||
r-oldrel-macos-x86_64 | 1.3.11 | 239.00 | NOTE | |||
r-oldrel-windows-x86_64 | 1.3.11 | 159.00 | 247.00 | 406.00 | OK |
Version: 1.3.11
Check: installed package size
Result: NOTE
installed size is 8.6Mb
sub-directories of 1Mb or more:
help 1.0Mb
libs 6.9Mb
Flavors: r-release-macos-arm64, r-oldrel-macos-arm64, r-oldrel-macos-x86_64