Last updated on 2024-05-02 17:50:29 CEST.
Flavor | Version | Tinstall | Tcheck | Ttotal | Status | Flags |
---|---|---|---|---|---|---|
r-devel-linux-x86_64-debian-clang | 3.2.1.1 | 57.72 | 256.44 | 314.16 | OK | |
r-devel-linux-x86_64-debian-gcc | 3.2.1.1 | 48.47 | 187.59 | 236.06 | OK | |
r-devel-linux-x86_64-fedora-clang | 3.2.1.1 | 394.40 | OK | |||
r-devel-linux-x86_64-fedora-gcc | 3.2.1.1 | 314.17 | OK | |||
r-devel-windows-x86_64 | 3.2.1.1 | 55.00 | 174.00 | 229.00 | OK | |
r-patched-linux-x86_64 | 3.2.1.1 | 58.86 | 253.65 | 312.51 | OK | |
r-release-linux-x86_64 | 3.2.1.1 | 51.80 | 249.30 | 301.10 | OK | |
r-release-macos-arm64 | 3.2.1.1 | 128.00 | NOTE | |||
r-release-macos-x86_64 | 3.2.1.1 | 338.00 | NOTE | |||
r-release-windows-x86_64 | 3.2.1.1 | 53.00 | 173.00 | 226.00 | OK | |
r-oldrel-macos-arm64 | 3.2.1.1 | 129.00 | NOTE | |||
r-oldrel-macos-x86_64 | 3.2.1.1 | 250.00 | NOTE | |||
r-oldrel-windows-x86_64 | 3.2.1.1 | 63.00 | 201.00 | 264.00 | OK |
Version: 3.2.1.1
Check: installed package size
Result: NOTE
installed size is 8.9Mb
sub-directories of 1Mb or more:
R 2.0Mb
libs 5.4Mb
Flavors: r-release-macos-arm64, r-release-macos-x86_64, r-oldrel-macos-arm64, r-oldrel-macos-x86_64