Last updated on 2024-05-09 17:51:43 CEST.
Flavor | Version | Tinstall | Tcheck | Ttotal | Status | Flags |
---|---|---|---|---|---|---|
r-devel-linux-x86_64-debian-clang | 0.4.4 | 6.57 | 55.14 | 61.71 | NOTE | |
r-devel-linux-x86_64-debian-gcc | 0.4.4 | 4.59 | 40.34 | 44.93 | NOTE | |
r-devel-linux-x86_64-fedora-clang | 0.4.4 | 78.59 | NOTE | |||
r-devel-linux-x86_64-fedora-gcc | 0.4.4 | 109.80 | NOTE | |||
r-devel-windows-x86_64 | 0.4.4 | 8.00 | 68.00 | 76.00 | NOTE | |
r-patched-linux-x86_64 | 0.4.4 | 4.14 | 50.63 | 54.77 | NOTE | |
r-release-linux-x86_64 | 0.4.4 | 3.82 | 51.62 | 55.44 | NOTE | |
r-release-macos-arm64 | 0.4.4 | 34.00 | NOTE | |||
r-release-windows-x86_64 | 0.4.4 | 8.00 | 68.00 | 76.00 | NOTE | |
r-oldrel-macos-arm64 | 0.4.4 | 32.00 | OK | |||
r-oldrel-macos-x86_64 | 0.4.4 | 48.00 | OK | |||
r-oldrel-windows-x86_64 | 0.4.4 | 8.00 | 74.00 | 82.00 | OK |
Version: 0.4.4
Check: Rd files
Result: NOTE
checkRd: (-1) lexicon_afinn.Rd:48: Lost braces; missing escapes or markup?
48 | ``A new {ANEW:} Evaluation of a word list for sentiment analysis in
| ^
checkRd: (-1) lexicon_afinn.Rd:54: Lost braces; missing escapes or markup?
54 | title = \{A new {ANEW:} Evaluation of a word list for sentiment analysis in microblogs\}, \cr
| ^
Flavors: r-devel-linux-x86_64-debian-clang, r-devel-linux-x86_64-debian-gcc, r-devel-linux-x86_64-fedora-clang, r-devel-linux-x86_64-fedora-gcc, r-devel-windows-x86_64, r-patched-linux-x86_64, r-release-linux-x86_64, r-release-macos-arm64, r-release-windows-x86_64