Last updated on 2024-05-04 11:48:39 CEST.
Flavor | Version | Tinstall | Tcheck | Ttotal | Status | Flags |
---|---|---|---|---|---|---|
r-devel-linux-x86_64-debian-clang | 0.1.5 | 23.47 | 80.57 | 104.04 | NOTE | |
r-devel-linux-x86_64-debian-gcc | 0.1.5 | 22.14 | 61.18 | 83.32 | NOTE | |
r-devel-linux-x86_64-fedora-clang | 0.1.5 | 134.78 | NOTE | |||
r-devel-linux-x86_64-fedora-gcc | 0.1.5 | 145.66 | NOTE | |||
r-devel-windows-x86_64 | 0.1.5 | 22.00 | 135.00 | 157.00 | NOTE | |
r-patched-linux-x86_64 | 0.1.5 | 23.71 | 74.48 | 98.19 | NOTE | |
r-release-linux-x86_64 | 0.1.5 | 28.52 | 76.79 | 105.31 | NOTE | |
r-release-macos-arm64 | 0.1.5 | 44.00 | NOTE | |||
r-release-windows-x86_64 | 0.1.5 | 24.00 | 139.00 | 163.00 | NOTE | |
r-oldrel-macos-arm64 | 0.1.5 | 46.00 | OK | |||
r-oldrel-macos-x86_64 | 0.1.5 | 74.00 | OK | |||
r-oldrel-windows-x86_64 | 0.1.5 | 29.00 | 139.00 | 168.00 | OK |
Version: 0.1.5
Check: Rd files
Result: NOTE
checkRd: (-1) make.phrase.matrix.Rd:20: Lost braces
20 | \\tabular{rrrrr}{
| ^
checkRd: (-1) make.phrase.matrix.Rd:20-23: Lost braces
20 | \\tabular{rrrrr}{
| ^
Flavors: r-devel-linux-x86_64-debian-clang, r-devel-linux-x86_64-debian-gcc, r-devel-linux-x86_64-fedora-clang, r-devel-linux-x86_64-fedora-gcc, r-devel-windows-x86_64, r-patched-linux-x86_64, r-release-linux-x86_64, r-release-macos-arm64, r-release-windows-x86_64