Last updated on 2024-05-11 11:48:33 CEST.
Flavor | Version | Tinstall | Tcheck | Ttotal | Status | Flags |
---|---|---|---|---|---|---|
r-devel-linux-x86_64-debian-clang | 0.2.2 | 8.72 | 69.32 | 78.04 | NOTE | |
r-devel-linux-x86_64-debian-gcc | 0.2.2 | 6.39 | 51.33 | 57.72 | NOTE | |
r-devel-linux-x86_64-fedora-clang | 0.2.2 | 99.54 | NOTE | |||
r-devel-linux-x86_64-fedora-gcc | 0.2.2 | 156.74 | NOTE | |||
r-devel-windows-x86_64 | 0.2.2 | 10.00 | 70.00 | 80.00 | NOTE | |
r-patched-linux-x86_64 | 0.2.2 | 5.03 | 67.00 | 72.03 | NOTE | |
r-release-linux-x86_64 | 0.2.2 | 5.05 | 66.29 | 71.34 | NOTE | |
r-release-macos-arm64 | 0.2.2 | 35.00 | NOTE | |||
r-release-windows-x86_64 | 0.2.2 | 10.00 | 71.00 | 81.00 | NOTE | |
r-oldrel-macos-arm64 | 0.2.2 | 37.00 | NOTE | |||
r-oldrel-macos-x86_64 | 0.2.2 | 58.00 | NOTE | |||
r-oldrel-windows-x86_64 | 0.2.2 | 11.00 | 80.00 | 91.00 | NOTE |
Version: 0.2.2
Check: LazyData
Result: NOTE
'LazyData' is specified without a 'data' directory
Flavors: r-devel-linux-x86_64-debian-clang, r-devel-linux-x86_64-debian-gcc, r-devel-linux-x86_64-fedora-clang, r-devel-linux-x86_64-fedora-gcc, r-devel-windows-x86_64, r-patched-linux-x86_64, r-release-linux-x86_64, r-release-macos-arm64, r-release-windows-x86_64, r-oldrel-macos-arm64, r-oldrel-macos-x86_64, r-oldrel-windows-x86_64