Last updated on 2024-05-05 17:54:11 CEST.
Flavor | Version | Tinstall | Tcheck | Ttotal | Status | Flags |
---|---|---|---|---|---|---|
r-devel-linux-x86_64-debian-clang | 1.1.0 | 0.54 | 2.41 | 2.95 | ERROR | |
r-devel-linux-x86_64-debian-gcc | 1.1.0 | 38.64 | 420.20 | 458.84 | OK | |
r-devel-linux-x86_64-fedora-clang | 1.1.0 | 770.25 | OK | |||
r-devel-linux-x86_64-fedora-gcc | 1.1.0 | 588.82 | OK | |||
r-devel-windows-x86_64 | 1.1.0 | 45.00 | 432.00 | 477.00 | OK | |
r-patched-linux-x86_64 | 1.1.0 | 34.15 | 520.40 | 554.55 | OK | |
r-release-linux-x86_64 | 1.1.0 | 33.70 | 504.83 | 538.53 | OK | |
r-release-macos-arm64 | 1.1.0 | 211.00 | NOTE | |||
r-release-macos-x86_64 | 1.1.0 | 477.00 | OK | |||
r-release-windows-x86_64 | 1.1.0 | 44.00 | 422.00 | 466.00 | OK | |
r-oldrel-macos-arm64 | 1.1.0 | 206.00 | NOTE | |||
r-oldrel-macos-x86_64 | 1.1.0 | 457.00 | OK | |||
r-oldrel-windows-x86_64 | 1.1.0 | 61.00 | 554.00 | 615.00 | OK |
Version: 1.1.0
Check: package dependencies
Result: ERROR
Package required but not available: ‘alakazam’
See section ‘The DESCRIPTION file’ in the ‘Writing R Extensions’
manual.
Flavor: r-devel-linux-x86_64-debian-clang
Version: 1.1.0
Check: installed package size
Result: NOTE
installed size is 5.1Mb
sub-directories of 1Mb or more:
data 4.5Mb
Flavors: r-release-macos-arm64, r-oldrel-macos-arm64