Last updated on 2024-05-13 05:52:47 CEST.
Flavor | Version | Tinstall | Tcheck | Ttotal | Status | Flags |
---|---|---|---|---|---|---|
r-devel-linux-x86_64-debian-clang | 0.3.5 | 10.38 | 155.93 | 166.31 | OK | |
r-devel-linux-x86_64-debian-gcc | 0.3.5 | 8.98 | 112.83 | 121.81 | OK | |
r-devel-linux-x86_64-fedora-clang | 0.3.5 | 206.87 | NOTE | |||
r-devel-linux-x86_64-fedora-gcc | 0.3.5 | 267.52 | NOTE | |||
r-devel-windows-x86_64 | 0.3.5 | 10.00 | 129.00 | 139.00 | OK | |
r-patched-linux-x86_64 | 0.3.5 | 7.77 | 142.89 | 150.66 | OK | |
r-release-linux-x86_64 | 0.3.5 | 6.88 | 144.86 | 151.74 | OK | |
r-release-macos-arm64 | 0.3.5 | 62.00 | OK | |||
r-release-windows-x86_64 | 0.3.5 | 14.00 | 129.00 | 143.00 | OK | |
r-oldrel-macos-arm64 | 0.3.5 | 68.00 | OK | |||
r-oldrel-macos-x86_64 | 0.3.5 | 107.00 | OK | |||
r-oldrel-windows-x86_64 | 0.3.5 | 14.00 | 152.00 | 166.00 | OK |
Version: 0.3.5
Check: data for non-ASCII characters
Result: NOTE
Note: found 160 marked UTF-8 strings
Flavors: r-devel-linux-x86_64-fedora-clang, r-devel-linux-x86_64-fedora-gcc