Last updated on 2024-05-08 05:56:35 CEST.
Flavor | Version | Tinstall | Tcheck | Ttotal | Status | Flags |
---|---|---|---|---|---|---|
r-devel-linux-x86_64-debian-clang | 1.1.1 | 6.37 | 126.99 | 133.36 | NOTE | |
r-devel-linux-x86_64-debian-gcc | 1.1.1 | 4.44 | 85.72 | 90.16 | NOTE | |
r-devel-linux-x86_64-fedora-clang | 1.1.1 | 162.00 | NOTE | |||
r-devel-linux-x86_64-fedora-gcc | 1.1.1 | 188.36 | NOTE | |||
r-devel-windows-x86_64 | 1.1.1 | 7.00 | 124.00 | 131.00 | NOTE | |
r-patched-linux-x86_64 | 1.1.1 | 10.27 | 121.17 | 131.44 | NOTE | |
r-release-linux-x86_64 | 1.1.1 | 4.66 | 118.58 | 123.24 | NOTE | |
r-release-macos-arm64 | 1.1.1 | 53.00 | NOTE | |||
r-release-windows-x86_64 | 1.1.1 | 7.00 | 124.00 | 131.00 | NOTE | |
r-oldrel-macos-arm64 | 1.1.1 | 56.00 | OK | |||
r-oldrel-macos-x86_64 | 1.1.1 | 95.00 | OK | |||
r-oldrel-windows-x86_64 | 1.1.1 | 9.00 | 142.00 | 151.00 | OK |
Version: 1.1.1
Check: Rd files
Result: NOTE
checkRd: (-1) mllogitnorm.Rd:45: Lost braces
45 | link[dlogitnorm]{dlogitnorm}for the normal density.
| ^
Flavors: r-devel-linux-x86_64-debian-clang, r-devel-linux-x86_64-debian-gcc, r-devel-linux-x86_64-fedora-clang, r-devel-linux-x86_64-fedora-gcc, r-devel-windows-x86_64, r-patched-linux-x86_64, r-release-linux-x86_64, r-release-macos-arm64, r-release-windows-x86_64
Version: 1.1.1
Check: dependencies in R code
Result: NOTE
Namespaces in Imports field not imported from:
‘extraDistr’ ‘logitnorm’ ‘nakagami’ ‘tibble’
All declared Imports should be used.
Flavors: r-devel-linux-x86_64-fedora-clang, r-devel-linux-x86_64-fedora-gcc