Last updated on 2024-05-21 17:50:14 CEST.
Flavor | Version | Tinstall | Tcheck | Ttotal | Status | Flags |
---|---|---|---|---|---|---|
r-devel-linux-x86_64-debian-clang | 0.4.0 | 4.18 | 53.34 | 57.52 | OK | |
r-devel-linux-x86_64-debian-gcc | 0.4.0 | 3.76 | 40.44 | 44.20 | OK | |
r-devel-linux-x86_64-fedora-clang | 0.4.0 | 72.60 | NOTE | |||
r-devel-linux-x86_64-fedora-gcc | 0.4.0 | 79.96 | NOTE | |||
r-devel-windows-x86_64 | 0.4.0 | 5.00 | 59.00 | 64.00 | OK | |
r-patched-linux-x86_64 | 0.4.0 | 4.81 | 50.43 | 55.24 | OK | |
r-release-linux-x86_64 | 0.4.0 | 4.95 | 49.04 | 53.99 | OK | |
r-release-macos-arm64 | 0.4.0 | 28.00 | OK | |||
r-release-windows-x86_64 | 0.4.0 | 7.00 | 58.00 | 65.00 | OK | |
r-oldrel-macos-arm64 | 0.4.0 | 36.00 | OK | |||
r-oldrel-macos-x86_64 | 0.4.0 | 55.00 | OK | |||
r-oldrel-windows-x86_64 | 0.4.0 | 7.00 | 64.00 | 71.00 | OK |
Version: 0.4.0
Check: data for non-ASCII characters
Result: NOTE
Note: found 468 marked UTF-8 strings
Flavors: r-devel-linux-x86_64-fedora-clang, r-devel-linux-x86_64-fedora-gcc