Last updated on 2024-05-13 05:52:48 CEST.
Flavor | Version | Tinstall | Tcheck | Ttotal | Status | Flags |
---|---|---|---|---|---|---|
r-devel-linux-x86_64-debian-clang | 1.0.0 | 17.88 | 224.50 | 242.38 | NOTE | |
r-devel-linux-x86_64-debian-gcc | 1.0.0 | 16.59 | 163.10 | 179.69 | NOTE | |
r-devel-linux-x86_64-fedora-clang | 1.0.0 | 300.86 | NOTE | |||
r-devel-linux-x86_64-fedora-gcc | 1.0.0 | 353.40 | NOTE | |||
r-devel-windows-x86_64 | 1.0.0 | 18.00 | 171.00 | 189.00 | NOTE | |
r-patched-linux-x86_64 | 1.0.0 | 19.96 | 214.02 | 233.98 | NOTE | |
r-release-linux-x86_64 | 1.0.0 | 17.73 | 207.42 | 225.15 | NOTE | |
r-release-macos-arm64 | 1.0.0 | 85.00 | NOTE | |||
r-release-windows-x86_64 | 1.0.0 | 18.00 | 171.00 | 189.00 | NOTE | |
r-oldrel-macos-arm64 | 1.0.0 | 85.00 | OK | |||
r-oldrel-macos-x86_64 | 1.0.0 | 137.00 | OK | |||
r-oldrel-windows-x86_64 | 1.0.0 | 23.00 | 216.00 | 239.00 | OK |
Version: 1.0.0
Check: Rd files
Result: NOTE
checkRd: (-1) compdesc.Rd:24: Lost braces in \itemize; \value handles \item{}{} directly
checkRd: (-1) compdesc.Rd:25: Lost braces in \itemize; \value handles \item{}{} directly
checkRd: (-1) compdesc.Rd:26: Lost braces in \itemize; \value handles \item{}{} directly
checkRd: (-1) compdesc.Rd:27: Lost braces in \itemize; \value handles \item{}{} directly
checkRd: (-1) compdesc.Rd:28: Lost braces in \itemize; \value handles \item{}{} directly
checkRd: (-1) compdesc.Rd:29: Lost braces in \itemize; \value handles \item{}{} directly
checkRd: (-1) compdesc.Rd:30: Lost braces in \itemize; \value handles \item{}{} directly
checkRd: (-1) compdesc.Rd:31: Lost braces in \itemize; \value handles \item{}{} directly
checkRd: (-1) compdesc.Rd:32: Lost braces in \itemize; \value handles \item{}{} directly
Flavors: r-devel-linux-x86_64-debian-clang, r-devel-linux-x86_64-debian-gcc, r-devel-linux-x86_64-fedora-clang, r-devel-linux-x86_64-fedora-gcc, r-devel-windows-x86_64, r-patched-linux-x86_64, r-release-linux-x86_64, r-release-macos-arm64, r-release-windows-x86_64