Last updated on 2024-05-11 05:54:54 CEST.
Flavor | Version | Tinstall | Tcheck | Ttotal | Status | Flags |
---|---|---|---|---|---|---|
r-devel-linux-x86_64-debian-clang | 1.1-1 | 5.91 | 44.90 | 50.81 | OK | |
r-devel-linux-x86_64-debian-gcc | 1.1-1 | 2.11 | 37.50 | 39.61 | OK | |
r-devel-linux-x86_64-fedora-clang | 1.1-1 | 61.50 | NOTE | |||
r-devel-linux-x86_64-fedora-gcc | 1.1-1 | 78.12 | OK | |||
r-devel-windows-x86_64 | 1.1-1 | 6.00 | 63.00 | 69.00 | NOTE | |
r-patched-linux-x86_64 | 1.1-1 | 6.86 | 45.37 | 52.23 | OK | |
r-release-linux-x86_64 | 1.1-1 | 5.40 | 45.38 | 50.78 | OK | |
r-release-macos-arm64 | 1.1-1 | 23.00 | NOTE | |||
r-release-windows-x86_64 | 1.1-1 | 6.00 | 60.00 | 66.00 | NOTE | |
r-oldrel-macos-arm64 | 1.1-1 | 26.00 | NOTE | |||
r-oldrel-macos-x86_64 | 1.1-1 | 38.00 | NOTE | |||
r-oldrel-windows-x86_64 | 1.1-1 | 6.00 | 64.00 | 70.00 | NOTE |
Version: 1.1-1
Check: installed package size
Result: NOTE
installed size is 11.4Mb
sub-directories of 1Mb or more:
data 11.3Mb
Flavors: r-devel-linux-x86_64-fedora-clang, r-devel-windows-x86_64, r-release-macos-arm64, r-release-windows-x86_64, r-oldrel-macos-arm64, r-oldrel-macos-x86_64, r-oldrel-windows-x86_64