CRAN Package Check Results for Package ACNE

Last updated on 2025-01-21 05:48:34 CET.

Flavor Version Tinstall Tcheck Ttotal Status Flags
r-devel-linux-x86_64-debian-clang 0.9.1 6.37 49.72 56.09 NOTE
r-devel-linux-x86_64-debian-gcc 0.9.1 3.99 35.62 39.61 NOTE
r-devel-linux-x86_64-fedora-clang 0.9.1 92.16 OK
r-devel-linux-x86_64-fedora-gcc 0.9.1 89.56 OK
r-devel-windows-x86_64 0.9.1 8.00 84.00 92.00 NOTE
r-patched-linux-x86_64 0.9.1 12.15 48.11 60.26 OK
r-release-linux-x86_64 0.9.1 5.52 48.61 54.13 OK
r-release-macos-arm64 0.9.1 30.00 OK
r-release-macos-x86_64 0.9.1 44.00 OK
r-release-windows-x86_64 0.9.1 7.00 73.00 80.00 OK
r-oldrel-macos-arm64 0.9.1 31.00 OK
r-oldrel-macos-x86_64 0.9.1 56.00 OK
r-oldrel-windows-x86_64 0.9.1 7.00 80.00 87.00 OK

Check Details

Version: 0.9.1
Check: Rd cross-references
Result: NOTE Found the following Rd file(s) with Rd \link{} targets missing package anchors: doACNE.Rd: AffymetrixCelSet, Verbose Please provide package anchors for all Rd \link{} targets not in the package itself and the base packages. Flavors: r-devel-linux-x86_64-debian-clang, r-devel-linux-x86_64-debian-gcc, r-devel-windows-x86_64