CRAN Package Check Results for Package ADMM

Last updated on 2025-01-21 05:48:34 CET.

Flavor Version Tinstall Tcheck Ttotal Status Flags
r-devel-linux-x86_64-debian-clang 0.3.3 50.41 62.21 112.62 NOTE
r-devel-linux-x86_64-debian-gcc 0.3.3 38.35 46.01 84.36 NOTE
r-devel-linux-x86_64-fedora-clang 0.3.3 189.22 NOTE
r-devel-linux-x86_64-fedora-gcc 0.3.3 213.77 NOTE
r-devel-windows-x86_64 0.3.3 52.00 110.00 162.00 NOTE
r-patched-linux-x86_64 0.3.3 53.13 58.57 111.70 NOTE
r-release-linux-x86_64 0.3.3 52.13 58.26 110.39 NOTE
r-release-macos-arm64 0.3.3 50.00 NOTE
r-release-macos-x86_64 0.3.3 69.00 NOTE
r-release-windows-x86_64 0.3.3 53.00 115.00 168.00 NOTE
r-oldrel-macos-arm64 0.3.3 59.00 NOTE
r-oldrel-macos-x86_64 0.3.3 96.00 NOTE
r-oldrel-windows-x86_64 0.3.3 62.00 122.00 184.00 NOTE

Check Details

Version: 0.3.3
Check: C++ specification
Result: NOTE Specified C++11: please drop specification unless essential Flavors: r-devel-linux-x86_64-debian-clang, r-devel-linux-x86_64-debian-gcc, r-devel-linux-x86_64-fedora-clang, r-devel-linux-x86_64-fedora-gcc, r-devel-windows-x86_64, r-patched-linux-x86_64, r-release-linux-x86_64, r-release-macos-arm64, r-release-macos-x86_64, r-release-windows-x86_64, r-oldrel-macos-arm64, r-oldrel-macos-x86_64, r-oldrel-windows-x86_64

Version: 0.3.3
Check: installed package size
Result: NOTE installed size is 5.8Mb sub-directories of 1Mb or more: libs 5.6Mb Flavors: r-release-macos-arm64, r-release-macos-x86_64, r-oldrel-macos-arm64, r-oldrel-macos-x86_64