CRAN Package Check Results for Package AMCTestmakeR

Last updated on 2025-01-21 05:48:34 CET.

Flavor Version Tinstall Tcheck Ttotal Status Flags
r-devel-linux-x86_64-debian-clang 1.0.0 1.78 22.31 24.09 OK
r-devel-linux-x86_64-debian-gcc 1.0.0 1.37 17.76 19.13 OK
r-devel-linux-x86_64-fedora-clang 1.0.0 40.13 OK
r-devel-linux-x86_64-fedora-gcc 1.0.0 53.45 OK
r-devel-windows-x86_64 1.0.0 4.00 50.00 54.00 OK
r-patched-linux-x86_64 1.0.0 1.72 21.16 22.88 NOTE
r-release-linux-x86_64 1.0.0 1.65 21.25 22.90 NOTE
r-release-macos-arm64 1.0.0 23.00 NOTE
r-release-macos-x86_64 1.0.0 35.00 NOTE
r-release-windows-x86_64 1.0.0 3.00 52.00 55.00 NOTE
r-oldrel-macos-arm64 1.0.0 24.00 NOTE
r-oldrel-macos-x86_64 1.0.0 33.00 NOTE
r-oldrel-windows-x86_64 1.0.0 4.00 49.00 53.00 NOTE

Check Details

Version: 1.0.0
Check: LazyData
Result: NOTE 'LazyData' is specified without a 'data' directory Flavors: r-patched-linux-x86_64, r-release-linux-x86_64, r-release-macos-arm64, r-release-macos-x86_64, r-release-windows-x86_64, r-oldrel-macos-arm64, r-oldrel-macos-x86_64, r-oldrel-windows-x86_64