Last updated on 2025-01-21 05:48:34 CET.
Flavor | Version | Tinstall | Tcheck | Ttotal | Status | Flags |
---|---|---|---|---|---|---|
r-devel-linux-x86_64-debian-clang | 6.8.8 | 6.55 | 63.48 | 70.03 | NOTE | |
r-devel-linux-x86_64-debian-gcc | 6.8.8 | 5.39 | 45.66 | 51.05 | NOTE | |
r-devel-linux-x86_64-fedora-clang | 6.8.8 | 113.49 | NOTE | |||
r-devel-linux-x86_64-fedora-gcc | 6.8.8 | 109.92 | NOTE | |||
r-devel-windows-x86_64 | 6.8.8 | 8.00 | 73.00 | 81.00 | OK | |
r-patched-linux-x86_64 | 6.8.8 | 7.66 | 60.31 | 67.97 | NOTE | |
r-release-linux-x86_64 | 6.8.8 | 7.65 | 60.00 | 67.65 | NOTE | |
r-release-macos-arm64 | 6.8.8 | 32.00 | OK | |||
r-release-macos-x86_64 | 6.8.8 | 44.00 | OK | |||
r-release-windows-x86_64 | 6.8.8 | 10.00 | 75.00 | 85.00 | OK | |
r-oldrel-macos-arm64 | 6.8.8 | 34.00 | OK | |||
r-oldrel-macos-x86_64 | 6.8.8 | 59.00 | OK | |||
r-oldrel-windows-x86_64 | 6.8.8 | 8.00 | 88.00 | 96.00 | OK |
Version: 6.8.8
Check: for non-standard things in the check directory
Result: NOTE
Found the following files/directories:
‘APBinary_PPV.csv’ ‘APBinary_TPF.csv’
‘APBinary_ap_summary(method=perturbation,B=1500).csv’
‘APBinary_auc_summary(method=perturbation,B=1500).csv’
‘APSurv_PPV.csv’ ‘APSurv_TPF.csv’
‘APSurv_ap_summary(method=bootstrap,B=500).csv’
‘APSurv_auc_summary(method=bootstrap,B=500).csv’
‘CompareAP_Binary_dap_summary(method=none).csv’
‘CompareAP_Survival_dap_summary(method=bootstrap,B=500).csv’
Flavors: r-devel-linux-x86_64-debian-clang, r-devel-linux-x86_64-debian-gcc, r-devel-linux-x86_64-fedora-clang, r-devel-linux-x86_64-fedora-gcc, r-patched-linux-x86_64, r-release-linux-x86_64