Last updated on 2025-01-21 05:48:34 CET.
Flavor | Version | Tinstall | Tcheck | Ttotal | Status | Flags |
---|---|---|---|---|---|---|
r-devel-linux-x86_64-debian-clang | 0.11.1 | 11.97 | 134.88 | 146.85 | NOTE | |
r-devel-linux-x86_64-debian-gcc | 0.11.1 | 8.86 | 97.86 | 106.72 | NOTE | |
r-devel-linux-x86_64-fedora-clang | 0.11.1 | 239.03 | OK | |||
r-devel-linux-x86_64-fedora-gcc | 0.11.1 | 246.62 | OK | |||
r-devel-windows-x86_64 | 0.11.1 | 14.00 | 136.00 | 150.00 | NOTE | |
r-patched-linux-x86_64 | 0.11.1 | 17.12 | 124.48 | 141.60 | OK | |
r-release-linux-x86_64 | 0.11.1 | 8.39 | 122.44 | 130.83 | OK | |
r-release-macos-arm64 | 0.11.1 | 68.00 | OK | |||
r-release-macos-x86_64 | 0.11.1 | 103.00 | OK | |||
r-release-windows-x86_64 | 0.11.1 | 12.00 | 155.00 | 167.00 | OK | |
r-oldrel-macos-arm64 | 0.11.1 | 77.00 | OK | |||
r-oldrel-macos-x86_64 | 0.11.1 | 119.00 | OK | |||
r-oldrel-windows-x86_64 | 0.11.1 | 16.00 | 175.00 | 191.00 | OK |
Version: 0.11.1
Check: Rd cross-references
Result: NOTE
Found the following Rd file(s) with Rd \link{} targets missing package
anchors:
anova.art.Rd: Anova
art.Rd: lmer
art.con.Rd: contrast, summary.emmGrid, lmer, emmeans
artlm.Rd: lmer, merMod
artlm.con.Rd: lmer, merMod
Please provide package anchors for all Rd \link{} targets not in the
package itself and the base packages.
Flavors: r-devel-linux-x86_64-debian-clang, r-devel-linux-x86_64-debian-gcc, r-devel-windows-x86_64