CRAN Package Check Results for Package AdapSamp

Last updated on 2025-01-21 05:48:34 CET.

Flavor Version Tinstall Tcheck Ttotal Status Flags
r-devel-linux-x86_64-debian-clang 1.1.1 1.90 25.52 27.42 OK
r-devel-linux-x86_64-debian-gcc 1.1.1 1.58 18.77 20.35 OK
r-devel-linux-x86_64-fedora-clang 1.1.1 46.33 OK
r-devel-linux-x86_64-fedora-gcc 1.1.1 43.19 OK
r-devel-windows-x86_64 1.1.1 4.00 51.00 55.00 OK
r-patched-linux-x86_64 1.1.1 2.21 23.89 26.10 NOTE
r-release-linux-x86_64 1.1.1 2.06 24.73 26.79 NOTE
r-release-macos-arm64 1.1.1 16.00 NOTE
r-release-macos-x86_64 1.1.1 25.00 NOTE
r-release-windows-x86_64 1.1.1 3.00 52.00 55.00 NOTE
r-oldrel-macos-arm64 1.1.1 18.00 NOTE
r-oldrel-macos-x86_64 1.1.1 27.00 NOTE
r-oldrel-windows-x86_64 1.1.1 3.00 50.00 53.00 NOTE

Check Details

Version: 1.1.1
Check: LazyData
Result: NOTE 'LazyData' is specified without a 'data' directory Flavors: r-patched-linux-x86_64, r-release-linux-x86_64, r-release-macos-arm64, r-release-macos-x86_64, r-release-windows-x86_64, r-oldrel-macos-arm64, r-oldrel-macos-x86_64, r-oldrel-windows-x86_64