CRAN Package Check Results for Package BACCT

Last updated on 2025-01-21 05:48:34 CET.

Flavor Version Tinstall Tcheck Ttotal Status Flags
r-devel-linux-x86_64-debian-clang 1.0 5.01 41.12 46.13 OK
r-devel-linux-x86_64-debian-gcc 1.0 3.73 30.90 34.63 OK
r-devel-linux-x86_64-fedora-clang 1.0 75.73 OK
r-devel-linux-x86_64-fedora-gcc 1.0 68.81 OK
r-devel-windows-x86_64 1.0 7.00 58.00 65.00 OK
r-patched-linux-x86_64 1.0 4.48 38.50 42.98 NOTE
r-release-linux-x86_64 1.0 4.89 38.75 43.64 NOTE
r-release-macos-arm64 1.0 25.00 NOTE
r-release-macos-x86_64 1.0 47.00 NOTE
r-release-windows-x86_64 1.0 7.00 59.00 66.00 NOTE
r-oldrel-macos-arm64 1.0 26.00 NOTE
r-oldrel-macos-x86_64 1.0 37.00 NOTE
r-oldrel-windows-x86_64 1.0 7.00 63.00 70.00 NOTE

Check Details

Version: 1.0
Check: LazyData
Result: NOTE 'LazyData' is specified without a 'data' directory Flavors: r-patched-linux-x86_64, r-release-linux-x86_64, r-release-macos-arm64, r-release-macos-x86_64, r-release-windows-x86_64, r-oldrel-macos-arm64, r-oldrel-macos-x86_64, r-oldrel-windows-x86_64