CRAN Package Check Results for Package BGGE

Last updated on 2025-01-24 05:49:15 CET.

Flavor Version Tinstall Tcheck Ttotal Status Flags
r-devel-linux-x86_64-debian-clang 0.6.5 1.95 23.66 25.61 OK
r-devel-linux-x86_64-debian-gcc 0.6.5 1.52 19.70 21.22 OK
r-devel-linux-x86_64-fedora-clang 0.6.5 42.01 OK
r-devel-linux-x86_64-fedora-gcc 0.6.5 43.66 OK
r-devel-windows-x86_64 0.6.5 3.00 47.00 50.00 OK
r-patched-linux-x86_64 0.6.5 2.05 24.99 27.04 NOTE
r-release-linux-x86_64 0.6.5 2.04 24.57 26.61 NOTE
r-release-macos-arm64 0.6.5 17.00 NOTE
r-release-macos-x86_64 0.6.5 45.00 NOTE
r-release-windows-x86_64 0.6.5 3.00 44.00 47.00 NOTE
r-oldrel-macos-arm64 0.6.5 18.00 NOTE
r-oldrel-macos-x86_64 0.6.5 27.00 NOTE
r-oldrel-windows-x86_64 0.6.5 3.00 50.00 53.00 NOTE

Check Details

Version: 0.6.5
Check: LazyData
Result: NOTE 'LazyData' is specified without a 'data' directory Flavors: r-patched-linux-x86_64, r-release-linux-x86_64, r-release-macos-arm64, r-release-macos-x86_64, r-release-windows-x86_64, r-oldrel-macos-arm64, r-oldrel-macos-x86_64, r-oldrel-windows-x86_64